{"id":1188,"date":"2023-10-10T12:44:05","date_gmt":"2023-10-10T11:44:05","guid":{"rendered":"https:\/\/oanhbeautyspa.com\/?post_type=product&#038;p=1188"},"modified":"2024-07-05T18:14:37","modified_gmt":"2024-07-05T17:14:37","slug":"tomato-cleansing-water-200ml","status":"publish","type":"product","link":"https:\/\/oanhbeautyspa.com\/index.php\/product\/tomato-cleansing-water-200ml\/","title":{"rendered":"Tomato Cleansing Water &#8211; 200ml"},"content":{"rendered":"<p>N\u01b0\u1edbc l\u00e0m s\u1ea1ch d\u1ecbu nh\u1eb9, t\u1ea9y trang nhanh, s\u00e1ng da ti\u1ec7n l\u1ee3i<\/p>\n<p><strong>C\u00d4NG D\u1ee4NG V\u00c0 TH\u00c0NH PH\u1ea6N CH\u00cdNH<\/strong><br \/>\nL\u00e0m s\u1ea1ch v\u00e0 t\u1ea9y trang nhanh ch\u1ec9 trong m\u1ed9t thao t\u00e1c. Ph\u00f9 h\u1ee3p cho ng\u01b0\u1eddi b\u1eadn r\u1ed9n, hay du l\u1ecbch c\u1ea7n l\u00e0m s\u1ea1ch da c\u1ef1c nhanh m\u00e0 kh\u00f4ng c\u1ea7n r\u1eeda l\u1ea1i v\u1edbi n\u01b0\u1edbc. S\u1ea3n ph\u1ea9m gi\u00fap l\u00e0n da tr\u1edf n\u00ean t\u01b0\u01a1i s\u00e1ng, r\u1ea1ng r\u1ee1 v\u00e0 ch\u1ed1ng oxi h\u00f3a cho da nh\u1edd chi\u1ebft xu\u1ea5t t\u1eeb c\u00e0 chua h\u1eefu c\u01a1, Chi\u1ebft xu\u1ea5t T\u1ea3o Chondrus Crispus d\u01b0\u1ee1ng \u1ea9m cho l\u00e0n da.<\/p>\n<p><strong>LO\u1ea0I DA PH\u00d9 H\u1ee2P<\/strong><br \/>\nPh\u00f9 h\u1ee3p m\u1ecdi lo\u1ea1i da k\u1ec3 c\u1ea3 da nh\u1ea1y c\u1ea3m.<\/p>\n<p><strong>C\u00c1CH S\u1eec D\u1ee4NG<\/strong><br \/>\n1. T\u1ea9y trang m\u1eb7t\/m\u1eaft: l\u00e0m \u01b0\u1edbt mi\u1ebfng b\u00f4ng cotton v\u1edbi s\u1ea3n ph\u1ea9m v\u00e0 t\u1ea9y trang l\u1edbp trang \u0111i\u1ec3m.<br \/>\n2. N\u01b0\u1edbc c\u00e2n b\u1eb1ng l\u00e0n da: l\u00e0m \u01b0\u1edbt mi\u1ebfng b\u00f4ng cotton v\u00e0 thoa l\u00ean m\u1eb7t &#8211; kh\u00f4ng c\u1ea7n r\u1eeda l\u1ea1i v\u1edbi n\u01b0\u1edbc.<\/p>\n","protected":false},"excerpt":{"rendered":"<p>L\u00e0m s\u1ea1ch v\u00e0 t\u1ea9y trang nhanh ch\u1ec9 trong m\u1ed9t thao t\u00e1c. Ph\u00f9 h\u1ee3p cho ng\u01b0\u1eddi b\u1eadn r\u1ed9n, hay du l\u1ecbch c\u1ea7n l\u00e0m s\u1ea1ch da c\u1ef1c nhanh m\u00e0 kh\u00f4ng c\u1ea7n r\u1eeda l\u1ea1i v\u1edbi n\u01b0\u1edbc. S\u1ea3n ph\u1ea9m gi\u00fap l\u00e0n da tr\u1edf n\u00ean t\u01b0\u01a1i s\u00e1ng, r\u1ea1ng r\u1ee1 v\u00e0 ch\u1ed1ng oxi h\u00f3a cho da nh\u1edd chi\u1ebft xu\u1ea5t t\u1eeb c\u00e0 chua h\u1eefu c\u01a1, Chi\u1ebft xu\u1ea5t T\u1ea3o Chondrus Crispus d\u01b0\u1ee1ng \u1ea9m cho l\u00e0n da.<\/p>\n<p>&nbsp;<\/p>\n","protected":false},"featured_media":2708,"comment_status":"open","ping_status":"closed","template":"","meta":{"site-sidebar-layout":"default","site-content-layout":"default","ast-global-header-display":"","ast-banner-title-visibility":"","ast-main-header-display":"","ast-hfb-above-header-display":"","ast-hfb-below-header-display":"","ast-hfb-mobile-header-display":"","site-post-title":"","ast-breadcrumbs-content":"","ast-featured-img":"","footer-sml-layout":"","theme-transparent-header-meta":"default","adv-header-id-meta":"","stick-header-meta":"","header-above-stick-meta":"","header-main-stick-meta":"","header-below-stick-meta":""},"product_cat":[37,43],"product_tag":[],"_links":{"self":[{"href":"https:\/\/oanhbeautyspa.com\/index.php\/wp-json\/wp\/v2\/product\/1188"}],"collection":[{"href":"https:\/\/oanhbeautyspa.com\/index.php\/wp-json\/wp\/v2\/product"}],"about":[{"href":"https:\/\/oanhbeautyspa.com\/index.php\/wp-json\/wp\/v2\/types\/product"}],"replies":[{"embeddable":true,"href":"https:\/\/oanhbeautyspa.com\/index.php\/wp-json\/wp\/v2\/comments?post=1188"}],"wp:featuredmedia":[{"embeddable":true,"href":"https:\/\/oanhbeautyspa.com\/index.php\/wp-json\/wp\/v2\/media\/2708"}],"wp:attachment":[{"href":"https:\/\/oanhbeautyspa.com\/index.php\/wp-json\/wp\/v2\/media?parent=1188"}],"wp:term":[{"taxonomy":"product_cat","embeddable":true,"href":"https:\/\/oanhbeautyspa.com\/index.php\/wp-json\/wp\/v2\/product_cat?post=1188"},{"taxonomy":"product_tag","embeddable":true,"href":"https:\/\/oanhbeautyspa.com\/index.php\/wp-json\/wp\/v2\/product_tag?post=1188"}],"curies":[{"name":"wp","href":"https:\/\/api.w.org\/{rel}","templated":true}]}}