{"id":1165,"date":"2023-10-10T12:43:59","date_gmt":"2023-10-10T11:43:59","guid":{"rendered":"https:\/\/oanhbeautyspa.com\/?post_type=product&#038;p=1165"},"modified":"2023-10-31T21:14:59","modified_gmt":"2023-10-31T21:14:59","slug":"masque-magistral-intex-43-3-sos-damaged-skin-discomfort-8ml","status":"publish","type":"product","link":"https:\/\/oanhbeautyspa.com\/index.php\/product\/masque-magistral-intex-43-3-sos-damaged-skin-discomfort-8ml\/","title":{"rendered":"Masque Magistral Intex 43.3% Sos Damaged Skin &#8211; Discomfort &#8211; 8ml"},"content":{"rendered":"<p>M\u1eb7t n\u1ea1 tinh ch\u1ea5t INTEX y khoa S.O.S kh\u1ea9n c\u1ea5p ph\u1ee5c h\u1ed3i da y\u1ebfu, h\u01b0 t\u1ed5n<\/p>\n<p><strong>C\u00d4NG D\u1ee4NG V\u00c0 TH\u00c0NH PH\u1ea6N CH\u00cdNH<\/strong><br \/>\nM\u1eb7t n\u1ea1 ph\u1ee5c h\u1ed3i da y\u1ebfu, h\u01b0 t\u1ed5n, da \u0111\u01b0\u1ee3c l\u00e0m d\u1ecbu t\u1ee9c th\u00ec, si\u00eau \u1ea9m v\u00e0 c\u0103ng m\u1ecdng.<br \/>\nC\u00e1c d\u01b0\u1ee1ng ch\u1ea5t ch\u00ednh:<br \/>\nBio cellulose Microfibers &#8220;second skin&#8221; t\u1eeb qu\u00e1 tr\u00ecnh l\u00ean men n\u01b0\u1edbc d\u1eeba: l\u00e0m d\u1ecbu v\u00e0 cung c\u1ea5p \u0111\u1ed9 \u1ea9m.<br \/>\nAloe Vera Polysaccharides: c\u1ea5p \u1ea9m v\u00e0 l\u00e0m d\u1ecbu.<br \/>\nGlycerin: l\u00e0m m\u1ec1m da.<br \/>\nCollagen bi\u1ec3n t\u1ef1 nhi\u00ean.<br \/>\nHyaluronic acid: l\u00e0m m\u1ecbn da.<br \/>\nLiposome nhi\u1ec7t n\u01b0\u1edbc ph\u00e2n c\u1ef1c: b\u00f9 n\u01b0\u1edbc.<br \/>\nPolyophenols t\u00e1o: ch\u1ed1ng oxy h\u00f3a.<\/p>\n<p><strong>LO\u1ea0I DA PH\u00d9 H\u1ee2P<\/strong><br \/>\nD\u00e0nh cho da t\u1ed5n th\u01b0\u01a1ng v\u00e0 \u0111ang c\u00f3 c\u1ea3m gi\u00e1c kh\u00f3 ch\u1ecbu.<\/p>\n<p><strong>C\u00c1CH S\u1eec D\u1ee4NG<\/strong><br \/>\nL\u1ea5y mi\u1ebfng m\u1eb7t n\u1ea1 ra kh\u1ecfi bao b\u00ec, lo\u1ea1i b\u1ecf l\u1edbp g\u1ea1ch tr\u1eafng v\u00e0 \u0111\u1eafp m\u1eb7t n\u1ea1 sinh h\u1ecdc v\u00e0o da \u0111\u00e3 \u0111\u01b0\u1ee3c l\u00e0m s\u1ea1ch, t\u1ea9y t\u1ebf b\u00e0o ch\u1ebft v\u00e0 kh\u00f4. Khi m\u1eb7t n\u1ea1 ho\u00e0n to\u00e0n b\u00e1m theo h\u00ecnh d\u1ea1ng c\u1ee7a khu\u00f4n m\u1eb7t, lo\u1ea1i b\u1ecf l\u1edbp b\u1ea3o v\u1ec7 cu\u1ed1i c\u00f9ng m\u00e0u xanh d\u01b0\u01a1ng v\u00e0 gi\u1eef trong t\u00fai. \u0110\u1ec3 m\u1eb7t n\u1ea1 ng\u1ed3i trong 15-20 ph\u00fat. Sau \u0111\u00f3, lo\u1ea1i b\u1ecf m\u1eb7t n\u1ea1 v\u00e0 nh\u1eb9 nh\u00e0ng thoa \u0111\u1ec1u \u0111\u1ebfn khi serum th\u1ea9m th\u1ea5u ho\u00e0n to\u00e0n v\u00e0o da.<\/p>\n","protected":false},"excerpt":{"rendered":"<p>M\u1eb7t n\u1ea1 tinh ch\u1ea5t INTEX y khoa S.O.S kh\u1ea9n c\u1ea5p ph\u1ee5c h\u1ed3i da y\u1ebfu, h\u01b0 t\u1ed5n, t\u1eeb \u0111\u00f3 da \u0111\u01b0\u1ee3c l\u00e0m d\u1ecbu t\u1ee9c th\u00ec, si\u00eau \u1ea9m v\u00e0 c\u0103ng m\u1ecdng.<\/p>\n","protected":false},"featured_media":1355,"comment_status":"open","ping_status":"closed","template":"","meta":{"site-sidebar-layout":"default","site-content-layout":"default","ast-global-header-display":"","ast-banner-title-visibility":"","ast-main-header-display":"","ast-hfb-above-header-display":"","ast-hfb-below-header-display":"","ast-hfb-mobile-header-display":"","site-post-title":"","ast-breadcrumbs-content":"","ast-featured-img":"","footer-sml-layout":"","theme-transparent-header-meta":"default","adv-header-id-meta":"","stick-header-meta":"","header-above-stick-meta":"","header-main-stick-meta":"","header-below-stick-meta":""},"product_cat":[37,40],"product_tag":[],"_links":{"self":[{"href":"https:\/\/oanhbeautyspa.com\/index.php\/wp-json\/wp\/v2\/product\/1165"}],"collection":[{"href":"https:\/\/oanhbeautyspa.com\/index.php\/wp-json\/wp\/v2\/product"}],"about":[{"href":"https:\/\/oanhbeautyspa.com\/index.php\/wp-json\/wp\/v2\/types\/product"}],"replies":[{"embeddable":true,"href":"https:\/\/oanhbeautyspa.com\/index.php\/wp-json\/wp\/v2\/comments?post=1165"}],"wp:featuredmedia":[{"embeddable":true,"href":"https:\/\/oanhbeautyspa.com\/index.php\/wp-json\/wp\/v2\/media\/1355"}],"wp:attachment":[{"href":"https:\/\/oanhbeautyspa.com\/index.php\/wp-json\/wp\/v2\/media?parent=1165"}],"wp:term":[{"taxonomy":"product_cat","embeddable":true,"href":"https:\/\/oanhbeautyspa.com\/index.php\/wp-json\/wp\/v2\/product_cat?post=1165"},{"taxonomy":"product_tag","embeddable":true,"href":"https:\/\/oanhbeautyspa.com\/index.php\/wp-json\/wp\/v2\/product_tag?post=1165"}],"curies":[{"name":"wp","href":"https:\/\/api.w.org\/{rel}","templated":true}]}}