{"id":1159,"date":"2023-10-10T12:43:58","date_gmt":"2023-10-10T11:43:58","guid":{"rendered":"https:\/\/oanhbeautyspa.com\/?post_type=product&#038;p=1159"},"modified":"2023-10-31T21:22:19","modified_gmt":"2023-10-31T21:22:19","slug":"hyaluronic-moisturising-rich-cream-50ml","status":"publish","type":"product","link":"https:\/\/oanhbeautyspa.com\/index.php\/product\/hyaluronic-moisturising-rich-cream-50ml\/","title":{"rendered":"Hyaluronic Moisturising Rich Cream &#8211; 50ml"},"content":{"rendered":"<p>Kem gi\u00e0u Hyaluronic d\u01b0\u1ee1ng v\u00e0 gi\u1eef \u1ea9m t\u0103ng c\u01b0\u1eddng cho da r\u1ea5t kh\u00f4<br \/>\n<strong>C\u00d4NG D\u1ee4NG V\u00c0 TH\u00c0NH PH\u1ea6N CH\u00cdNH<\/strong><br \/>\nM\u1ed9t lo\u1ea1i kem gi\u00e0u ch\u1ea5t b\u1ea3o v\u1ec7 kh\u00f3a \u1ea9m \u0111\u1ed3ng th\u1eddi khu\u1ebfch t\u00e1n h\u1ed7n h\u1ee3p axit hyaluronic, omega9, polyphenol t\u1eeb hoa nho, gi\u00fap nu\u00f4i d\u01b0\u1ee1ng v\u00e0 d\u01b0\u1ee1ng \u1ea9m t\u1ed1i \u01b0u, h\u1ed7 tr\u1ee3 da th\u00edch nghi \u0111\u01b0\u1ee3c v\u1edbi kh\u00ed h\u1eadu hanh h\u00f4 kh\u1eafc nghi\u1ec7t<\/p>\n<p><strong>LO\u1ea0I DA PH\u00d9 H\u1ee2P<\/strong><br \/>\nCho t\u00ecnh tr\u1ea1ng da l\u00e3o h\u00f3a, da kh\u00f4 thi\u1ebfu d\u1ea7u<\/p>\n<p><strong>C\u00c1CH S\u1eec D\u1ee4NG<\/strong><br \/>\nL\u1ea5y m\u1ed9t l\u01b0\u1ee3ng v\u1eeba \u0111\u1ee7 ra tay, thoa \u0111\u1ec1u l\u00ean khu v\u1ef1c c\u1ea7n nu\u00f4i d\u01b0\u1ee1ng cho \u0111\u1ebfn khi s\u1ea3n ph\u1ea9m th\u1ea5m th\u1ea5u h\u1ebft. S\u1eed d\u1ee5ng s\u00e1ng t\u1ed1i sau khi r\u1eeda m\u1eb7t v\u00e0 tone.<\/p>\n","protected":false},"excerpt":{"rendered":"<p>M\u1ed9t lo\u1ea1i kem gi\u00e0u ch\u1ea5t b\u1ea3o v\u1ec7 kh\u00f3a \u1ea9m \u0111\u1ed3ng th\u1eddi khu\u1ebfch t\u00e1n h\u1ed7n h\u1ee3p axit hyaluronic, omega9, polyphenol t\u1eeb hoa nho, gi\u00fap nu\u00f4i d\u01b0\u1ee1ng v\u00e0 d\u01b0\u1ee1ng \u1ea9m t\u1ed1i \u01b0u, h\u1ed7 tr\u1ee3 da th\u00edch nghi \u0111\u01b0\u1ee3c v\u1edbi kh\u00ed h\u1eadu hanh h\u00f4 kh\u1eafc nghi\u1ec7t<\/p>\n","protected":false},"featured_media":1349,"comment_status":"open","ping_status":"closed","template":"","meta":{"site-sidebar-layout":"default","site-content-layout":"default","ast-global-header-display":"","ast-banner-title-visibility":"","ast-main-header-display":"","ast-hfb-above-header-display":"","ast-hfb-below-header-display":"","ast-hfb-mobile-header-display":"","site-post-title":"","ast-breadcrumbs-content":"","ast-featured-img":"","footer-sml-layout":"","theme-transparent-header-meta":"default","adv-header-id-meta":"","stick-header-meta":"","header-above-stick-meta":"","header-main-stick-meta":"","header-below-stick-meta":""},"product_cat":[37,41],"product_tag":[],"_links":{"self":[{"href":"https:\/\/oanhbeautyspa.com\/index.php\/wp-json\/wp\/v2\/product\/1159"}],"collection":[{"href":"https:\/\/oanhbeautyspa.com\/index.php\/wp-json\/wp\/v2\/product"}],"about":[{"href":"https:\/\/oanhbeautyspa.com\/index.php\/wp-json\/wp\/v2\/types\/product"}],"replies":[{"embeddable":true,"href":"https:\/\/oanhbeautyspa.com\/index.php\/wp-json\/wp\/v2\/comments?post=1159"}],"wp:featuredmedia":[{"embeddable":true,"href":"https:\/\/oanhbeautyspa.com\/index.php\/wp-json\/wp\/v2\/media\/1349"}],"wp:attachment":[{"href":"https:\/\/oanhbeautyspa.com\/index.php\/wp-json\/wp\/v2\/media?parent=1159"}],"wp:term":[{"taxonomy":"product_cat","embeddable":true,"href":"https:\/\/oanhbeautyspa.com\/index.php\/wp-json\/wp\/v2\/product_cat?post=1159"},{"taxonomy":"product_tag","embeddable":true,"href":"https:\/\/oanhbeautyspa.com\/index.php\/wp-json\/wp\/v2\/product_tag?post=1159"}],"curies":[{"name":"wp","href":"https:\/\/api.w.org\/{rel}","templated":true}]}}