{"id":1142,"date":"2023-10-10T12:43:52","date_gmt":"2023-10-10T11:43:52","guid":{"rendered":"https:\/\/oanhbeautyspa.com\/?post_type=product&#038;p=1142"},"modified":"2023-10-31T21:27:01","modified_gmt":"2023-10-31T21:27:01","slug":"brightening-diamond-essence-150ml","status":"publish","type":"product","link":"https:\/\/oanhbeautyspa.com\/index.php\/product\/brightening-diamond-essence-150ml\/","title":{"rendered":"Brightening Diamond Essence &#8211; 150ml"},"content":{"rendered":"<p>Tinh ch\u1ea5t kim c\u01b0\u01a1ng tr\u1eafng s\u00e1ng<\/p>\n<p><strong>C\u00d4NG D\u1ee4NG V\u00c0 TH\u00c0NH PH\u1ea6N CH\u00cdNH<\/strong><br \/>\nTinh ch\u1ea5t kim c\u01b0\u01a1ng ch\u1ee9a th\u00e0nh ph\u1ea7n Tinh th\u1ec3 kim c\u01b0\u01a1ng t\u1ef1 nhi\u00ean k\u1ebft h\u1ee3p v\u1edbi t\u1ed5 h\u1ee3p nh\u1eefng th\u00e0nh ph\u1ea7n ch\u1ed1ng oxy h\u00f3a m\u1ea1nh, h\u1ee3p ch\u1ea5t ph\u1ee5c h\u1ed3i v\u00e0 tr\u1eafng s\u00e1ng da m\u1ea1nh m\u1ebd gi\u00fap l\u00e0n da tr\u1edf n\u00ean tr\u1eafng s\u00e1ng, x\u00f3a m\u1edd v\u1ebft n\u00e1m, d\u01b0\u1ee1ng \u1ea9m, c\u00e2n b\u1eb1ng v\u00e0 b\u1ea3o v\u1ec7 da tuy\u1ec7t \u0111\u1ed1i kh\u1ecfi c\u00e1c t\u00e1c nh\u00e2n g\u00e2y h\u1ea1i do \u00f4 nhi\u1ec5m \u0111\u00f4 th\u1ecb v\u00e0 t\u00e1c nh\u00e2n g\u00e2y h\u1ea1i t\u1eeb m\u00f4i tr\u01b0\u1eddng.<br \/>\nH\u1ee3p ch\u1ea5t NIACINAMIDE 5% c\u00f3 kh\u1ea3 n\u0103ng l\u00e0m l\u00e0nh, ph\u1ee5c h\u1ed3i v\u00e0 s\u1eeda ch\u1eefa h\u01b0 t\u1ed5n c\u1ee7a l\u00e0n da, \u0111\u1eb7c bi\u1ec7t kh\u1ea3 n\u0103ng c\u00e2n b\u1eb1ng \u0111\u1ed9 \u1ea9m, ch\u1eefa l\u00e0nh v\u00e0 ph\u1ee5c h\u1ed3i t\u00ecnh tr\u1ea1ng vi\u00eam da do k\u00edch \u1ee9ng, ho\u1eb7c l\u00e0n da t\u1ed5n th\u01b0\u01a1ng do t\u00e1c h\u1ea1i c\u1ee7a tia UV v\u00e0 t\u00ecnh tr\u1ea1ng da b\u1ecb m\u1ea5t c\u00e2n b\u1eb1ng v\u00e0 r\u1ed1i lo\u1ea1n s\u1eafc t\u1ed1 da. Niacinamide \u0111i\u1ec1u d\u01b0\u1ee1ng v\u00e0 n\u00f4i d\u01b0\u1ee1ng da tr\u1edf n\u00ean s\u00e1ng kh\u1ecfe.<br \/>\nK\u1ebft h\u1ee3p v\u1edbi ECTOIN\u00ae, m\u1ed9t ph\u00e2n t\u1eed &#8220;ch\u1ed1ng c\u0103ng th\u1eb3ng&#8221; t\u1ef1 nhi\u00ean c\u00f3 kh\u1ea3 n\u0103ng b\u1ea3o v\u1ec7 m\u00e0ng t\u1ebf b\u00e0o kh\u1ecfi c\u00e1c nguy c\u01a1 g\u00e2y h\u1ea1i t\u1eeb m\u00f4i tr\u01b0\u1eddng nh\u01b0 s\u1ef1 thay \u0111\u1ed5i nhi\u1ec7t \u0111\u1ed9, jet-lag hay c\u0103ng th\u1eb3ng, stress.<br \/>\n\u0110\u1eb7c bi\u1ec7t l\u00e0 th\u00e0nh ph\u1ea7n LACTOBIONIC ACID 2% (PHA) gi\u00fap nu\u00f4i d\u01b0\u1ee1ng, b\u1ea3o v\u1ec7 l\u00e0n da v\u00e0 gi\u1ea3m thi\u1ec3u t\u00ecnh tr\u1ea1ng k\u00edch \u1ee9ng v\u00e0 vi\u00eam da.<\/p>\n<p><strong>LO\u1ea0I DA PH\u00d9 H\u1ee2P<\/strong><br \/>\nH\u1ed7 tr\u1ee3: S\u1ea1m n\u00e1m, m\u00e0u da kh\u00f4ng \u0111\u1ec1u, da m\u1edd nh\u1ee3t<br \/>\nLo\u1ea1i da: M\u1ecdi lo\u1ea1i da (tr\u1eeb da nh\u1ea1y c\u1ea3m)<\/p>\n<p><strong>C\u00c1CH S\u1eec D\u1ee4NG<\/strong><br \/>\nD\u00f9ng 2 l\u1ea7n, m\u1ed7i ng\u00e0y s\u00e1ng v\u00e0 t\u1ed1i. \u0110\u1ed5 v\u00e0i gi\u1ecdt tinh ch\u1ea5t ra l\u00f2ng b\u00e0n tay, nh\u1eb9 nh\u00e0ng v\u1ed7 l\u00ean m\u1eb7t r\u1ed3i thoa nh\u1eb9 nh\u00e0ng kh\u1eafp m\u1eb7t cho s\u1ea3n ph\u1ea9m th\u1ea9m th\u1ea5u v\u00e0o da, l\u01b0u \u00fd tr\u00e1nh v\u00f9ng m\u1eaft. S\u1eed d\u1ee5ng sau khi r\u1eeda m\u1eb7t, tr\u01b0\u1edbc huy\u1ebft thanh kim c\u01b0\u01a1ng v\u00e0 kem d\u01b0\u1ee1ng tr\u1eafng da. C\u1ea7n l\u01b0u \u00fd s\u1eed d\u1ee5ng kem ch\u1ed1ng n\u1eafng c\u00f3 ch\u1ec9 s\u1ed1 SPF th\u00edch h\u1ee3p \u0111\u1ec3 b\u1ea3o v\u1ec7 da v\u00e0o ban ng\u00e0y.<\/p>\n","protected":false},"excerpt":{"rendered":"<p>Tinh ch\u1ea5t kim c\u01b0\u01a1ng ch\u1ee9a th\u00e0nh ph\u1ea7n Tinh th\u1ec3 kim c\u01b0\u01a1ng t\u1ef1 nhi\u00ean k\u1ebft h\u1ee3p v\u1edbi t\u1ed5 h\u1ee3p nh\u1eefng th\u00e0nh ph\u1ea7n ch\u1ed1ng oxy h\u00f3a m\u1ea1nh, h\u1ee3p ch\u1ea5t ph\u1ee5c h\u1ed3i v\u00e0 tr\u1eafng s\u00e1ng da m\u1ea1nh m\u1ebd gi\u00fap l\u00e0n da tr\u1edf n\u00ean tr\u1eafng s\u00e1ng, x\u00f3a m\u1edd v\u1ebft n\u00e1m, d\u01b0\u1ee1ng \u1ea9m, c\u00e2n b\u1eb1ng v\u00e0 b\u1ea3o v\u1ec7 da tuy\u1ec7t \u0111\u1ed1i kh\u1ecfi c\u00e1c t\u00e1c nh\u00e2n g\u00e2y h\u1ea1i do \u00f4 nhi\u1ec5m \u0111\u00f4 th\u1ecb v\u00e0 t\u00e1c nh\u00e2n g\u00e2y h\u1ea1i t\u1eeb m\u00f4i tr\u01b0\u1eddng.<\/p>\n","protected":false},"featured_media":1332,"comment_status":"open","ping_status":"closed","template":"","meta":{"site-sidebar-layout":"default","site-content-layout":"default","ast-global-header-display":"","ast-banner-title-visibility":"","ast-main-header-display":"","ast-hfb-above-header-display":"","ast-hfb-below-header-display":"","ast-hfb-mobile-header-display":"","site-post-title":"","ast-breadcrumbs-content":"","ast-featured-img":"","footer-sml-layout":"","theme-transparent-header-meta":"default","adv-header-id-meta":"","stick-header-meta":"","header-above-stick-meta":"","header-main-stick-meta":"","header-below-stick-meta":""},"product_cat":[36,38],"product_tag":[],"_links":{"self":[{"href":"https:\/\/oanhbeautyspa.com\/index.php\/wp-json\/wp\/v2\/product\/1142"}],"collection":[{"href":"https:\/\/oanhbeautyspa.com\/index.php\/wp-json\/wp\/v2\/product"}],"about":[{"href":"https:\/\/oanhbeautyspa.com\/index.php\/wp-json\/wp\/v2\/types\/product"}],"replies":[{"embeddable":true,"href":"https:\/\/oanhbeautyspa.com\/index.php\/wp-json\/wp\/v2\/comments?post=1142"}],"wp:featuredmedia":[{"embeddable":true,"href":"https:\/\/oanhbeautyspa.com\/index.php\/wp-json\/wp\/v2\/media\/1332"}],"wp:attachment":[{"href":"https:\/\/oanhbeautyspa.com\/index.php\/wp-json\/wp\/v2\/media?parent=1142"}],"wp:term":[{"taxonomy":"product_cat","embeddable":true,"href":"https:\/\/oanhbeautyspa.com\/index.php\/wp-json\/wp\/v2\/product_cat?post=1142"},{"taxonomy":"product_tag","embeddable":true,"href":"https:\/\/oanhbeautyspa.com\/index.php\/wp-json\/wp\/v2\/product_tag?post=1142"}],"curies":[{"name":"wp","href":"https:\/\/api.w.org\/{rel}","templated":true}]}}