{"id":1139,"date":"2023-10-10T12:43:52","date_gmt":"2023-10-10T11:43:52","guid":{"rendered":"https:\/\/oanhbeautyspa.com\/?post_type=product&#038;p=1139"},"modified":"2023-10-31T21:25:10","modified_gmt":"2023-10-31T21:25:10","slug":"clinic-lesmanic-by-swissline-lextrait-30ml","status":"publish","type":"product","link":"https:\/\/oanhbeautyspa.com\/index.php\/product\/clinic-lesmanic-by-swissline-lextrait-30ml\/","title":{"rendered":"Clinic Lesmanic By Swissline &#8211; L&#8217;Extrait &#8211; 30ml"},"content":{"rendered":"<p>Tinh ch\u1ea5t n\u00e2ng c\u01a1 v\u00e0 ph\u1ee5c h\u1ed3i da chuy\u00ean s\u00e2u<\/p>\n<p><strong>C\u00d4NG D\u1ee4NG V\u00c0 TH\u00c0NH PH\u1ea6N CH\u00cdNH<\/strong><br \/>\nChi\u1ebft xu\u1ea5t Protein th\u1ee7y ph\u00e2n t\u1eeb \u0111\u1ea1m \u0111\u1eadu n\u00e0nh. C\u00f4ng ngh\u1ec7 Crystal Complex k\u00edch th\u00edch kh\u1ea3 n\u0103ng t\u00e1i t\u1ea1o v\u00e0 tr\u1ebb h\u00f3a c\u1ee7a t\u1ebf b\u00e0o protein c\u00f3 b\u00ean trong da. Collagen bi\u1ec3n s\u00e2u k\u1ebft h\u1ee3p v\u1edbi chu\u1ed7i c\u00e1c ph\u00e2n t\u1eed c\u00f3 tr\u1ecdng l\u01b0\u1ee3ng kh\u00e1c nhau c\u1ee7a Acid Hyaluronic gi\u00fap l\u1ea5p \u0111\u1ea7y v\u00e0 l\u00e0m ph\u1eb3ng m\u01b0\u1ee3t c\u00e1c n\u1ebfp nh\u0103n s\u00e2u, l\u00e0m c\u1ea1n v\u1ebft ch\u00e2n chim, kh\u00f3a ch\u1eb7t \u0111\u1ed9 \u1ea9m tr\u00ean b\u1ec1 m\u1eb7t da gi\u00fap da c\u0103ng m\u01b0\u1ee3t v\u00e0 t\u01b0\u01a1i s\u00e1ng su\u1ed1t ng\u00e0y d\u00e0i. Ch\u1ec9 c\u1ea7n s\u1eed d\u1ee5ng m\u1ed9t gi\u1ecdt L&#8217;extrait l\u00e0n da s\u1ebd bi\u1ebfn \u0111\u1ed5i r\u00f5 r\u1ec7t, da tr\u1edf n\u00ean c\u0103ng m\u01b0\u1ee3t, t\u01b0\u01a1i s\u00e1ng v\u00e0 r\u1ea1ng r\u1ee1 ngay sau khi s\u1eed d\u1ee5ng.<\/p>\n<p><strong>LO\u1ea0I DA PH\u00d9 H\u1ee2P<\/strong><br \/>\nV\u1ea5n \u0111\u1ec1: N\u1ebfp nh\u0103n, l\u00e3o h\u00f3a<br \/>\nLo\u1ea1i da: Da b\u00ecnh th\u01b0\u1eddng, da kh\u00f4, l\u00e3o ho\u00e1<\/p>\n<p><strong>C\u00c1CH S\u1eec D\u1ee4NG<\/strong><br \/>\n\u0110\u1ec3 t\u00e1i t\u1ea1o v\u00e0 ph\u1ee5c h\u1ed3i s\u1ef1 t\u01b0\u01a1i tr\u1ebb cho l\u00e0n da, massage tinh ch\u1ea5t L&#8217;extrait theo h\u00ecnh tr\u00f2n l\u00ean to\u00e0n b\u1ed9 v\u00f9ng m\u1eb7t, c\u1ed5 v\u00e0 ph\u1ea7n da tr\u00ean ng\u1ef1c m\u1ed7i bu\u1ed5i s\u00e1ng v\u00e0 t\u1ed1i, tr\u01b0\u1edbc khi s\u1eed d\u1ee5ng LA CR\u00c8ME.<\/p>\n","protected":false},"excerpt":{"rendered":"<p>Chi\u1ebft xu\u1ea5t Protein th\u1ee7y ph\u00e2n t\u1eeb \u0111\u1ea1m \u0111\u1eadu n\u00e0nh. C\u00f4ng ngh\u1ec7 Crystal Complex k\u00edch th\u00edch kh\u1ea3 n\u0103ng t\u00e1i t\u1ea1o v\u00e0 tr\u1ebb h\u00f3a c\u1ee7a t\u1ebf b\u00e0o protein c\u00f3 b\u00ean trong da. Collagen bi\u1ec3n s\u00e2u k\u1ebft h\u1ee3p v\u1edbi chu\u1ed7i c\u00e1c ph\u00e2n t\u1eed c\u00f3 tr\u1ecdng l\u01b0\u1ee3ng kh\u00e1c nhau c\u1ee7a Acid Hyaluronic gi\u00fap l\u1ea5p \u0111\u1ea7y v\u00e0 l\u00e0m ph\u1eb3ng m\u01b0\u1ee3t c\u00e1c n\u1ebfp nh\u0103n s\u00e2u, l\u00e0m c\u1ea1n v\u1ebft ch\u00e2n chim, kh\u00f3a ch\u1eb7t \u0111\u1ed9 \u1ea9m tr\u00ean b\u1ec1 m\u1eb7t da gi\u00fap da c\u0103ng m\u01b0\u1ee3t v\u00e0 t\u01b0\u01a1i s\u00e1ng su\u1ed1t ng\u00e0y d\u00e0i. Ch\u1ec9 c\u1ea7n s\u1eed d\u1ee5ng m\u1ed9t gi\u1ecdt L&#8217;extrait l\u00e0n da s\u1ebd bi\u1ebfn \u0111\u1ed5i r\u00f5 r\u1ec7t, da tr\u1edf n\u00ean c\u0103ng m\u01b0\u1ee3t, t\u01b0\u01a1i s\u00e1ng v\u00e0 r\u1ea1ng r\u1ee1 ngay sau khi s\u1eed d\u1ee5ng.<\/p>\n","protected":false},"featured_media":1329,"comment_status":"open","ping_status":"closed","template":"","meta":{"site-sidebar-layout":"default","site-content-layout":"default","ast-global-header-display":"","ast-banner-title-visibility":"","ast-main-header-display":"","ast-hfb-above-header-display":"","ast-hfb-below-header-display":"","ast-hfb-mobile-header-display":"","site-post-title":"","ast-breadcrumbs-content":"","ast-featured-img":"","footer-sml-layout":"","theme-transparent-header-meta":"default","adv-header-id-meta":"","stick-header-meta":"","header-above-stick-meta":"","header-main-stick-meta":"","header-below-stick-meta":""},"product_cat":[36,38],"product_tag":[],"_links":{"self":[{"href":"https:\/\/oanhbeautyspa.com\/index.php\/wp-json\/wp\/v2\/product\/1139"}],"collection":[{"href":"https:\/\/oanhbeautyspa.com\/index.php\/wp-json\/wp\/v2\/product"}],"about":[{"href":"https:\/\/oanhbeautyspa.com\/index.php\/wp-json\/wp\/v2\/types\/product"}],"replies":[{"embeddable":true,"href":"https:\/\/oanhbeautyspa.com\/index.php\/wp-json\/wp\/v2\/comments?post=1139"}],"wp:featuredmedia":[{"embeddable":true,"href":"https:\/\/oanhbeautyspa.com\/index.php\/wp-json\/wp\/v2\/media\/1329"}],"wp:attachment":[{"href":"https:\/\/oanhbeautyspa.com\/index.php\/wp-json\/wp\/v2\/media?parent=1139"}],"wp:term":[{"taxonomy":"product_cat","embeddable":true,"href":"https:\/\/oanhbeautyspa.com\/index.php\/wp-json\/wp\/v2\/product_cat?post=1139"},{"taxonomy":"product_tag","embeddable":true,"href":"https:\/\/oanhbeautyspa.com\/index.php\/wp-json\/wp\/v2\/product_tag?post=1139"}],"curies":[{"name":"wp","href":"https:\/\/api.w.org\/{rel}","templated":true}]}}