{"id":1135,"date":"2023-10-10T12:43:51","date_gmt":"2023-10-10T11:43:51","guid":{"rendered":"https:\/\/oanhbeautyspa.com\/?post_type=product&#038;p=1135"},"modified":"2023-10-31T21:32:02","modified_gmt":"2023-10-31T21:32:02","slug":"al-peace-booster-niacinamide-2-tranex-amic-acid-20ml","status":"publish","type":"product","link":"https:\/\/oanhbeautyspa.com\/index.php\/product\/al-peace-booster-niacinamide-2-tranex-amic-acid-20ml\/","title":{"rendered":"Al Peace Booster Niacinamide + 2% Tranex Amic Acid &#8211; 20ml"},"content":{"rendered":"<p>CS AI Peace Booster 5% Niacinamide + 2% Tranexamic acid &#8211; \u00eam d\u1ecbu da, \u0111\u1ea1c tr\u1ecb n\u00e1m, t\u0103ng sinh s\u1eafc t\u1ed1 sau vi\u00eam, ch\u1ed1ng \u0111\u1ecf da d\u1ecb \u1ee9ng m\u1ee5n tr\u1ee9ng c\u00e1 \u0111\u1ecf, gi\u1ea3m k\u00edch \u1ee9ng nh\u1ea1y c\u1ea3m<\/p>\n<p><strong>C\u00d4NG D\u1ee4NG<\/strong><br \/>\nC\u00f3 kh\u1ea3 n\u0103ng kh\u00e1ng vi\u00eam, ph\u1ee5c h\u1ed3i t\u1ed5n th\u01b0\u01a1ng, l\u00e0m \u00eam d\u1ecbu l\u00e0n da k\u00edch \u1ee9ng, \u0111\u1ecf r\u00e1t v\u00e0 nh\u1ea1y c\u1ea3m. \u0110\u1eb7c bi\u1ec7t s\u1ea3n ph\u1ea9m v\u00f4 c\u00f9ng c\u1ea7n thi\u1ebft \u0111\u1ec3 c\u1ea5p c\u1ee9u cho l\u00e0n da t\u1ed5n th\u01b0\u01a1ng sau tr\u1ecb li\u1ec7u n\u00e1m b\u1eb1ng ph\u01b0\u01a1ng ph\u00e1p th\u1ea9m m\u1ef9 c\u00f4ng ngh\u1ec7 cao.<\/p>\n<p><strong>LO\u1ea0I DA PH\u00d9 H\u1ee2P<\/strong><br \/>\nH\u1ed7 tr\u1ee3: Da nh\u1ea1y c\u1ea3m, da m\u1ecfng \u0111\u1ecf, t\u0103ng s\u1eafc t\u1ed1 sau vi\u00eam, da b\u1ecb c\u0103ng th\u1eb3ng do y\u1ebfu t\u1ed1 \u00f4 nhi\u1ec5m \u0111\u1eddi s\u1ed1ng \u0111\u00f4 th\u1ecb h\u00f3a<br \/>\nLo\u1ea1i da: T\u1ea5t c\u1ea3 c\u00e1c lo\u1ea1i da<\/p>\n<p><strong>C\u00c1CH S\u1eec D\u1ee4NG<\/strong><br \/>\nNg\u00e0y, \u0111\u00eam. S\u1eed d\u1ee5ng chung v\u1edbi c\u00e1c lo\u1ea1i serum v\u00e0 kem d\u01b0\u1ee1ng, t\u00f9y t\u00ecnh tr\u1ea1ng da. Ch\u1ec9 s\u1eed d\u1ee5ng 2-3 gi\u1ecdt, c\u00f3 th\u1ec3 thoa tr\u1ef1c ti\u1ebfp l\u00ean da.<\/p>\n","protected":false},"excerpt":{"rendered":"<p>C\u00f3 kh\u1ea3 n\u0103ng kh\u00e1ng vi\u00eam, ph\u1ee5c h\u1ed3i t\u1ed5n th\u01b0\u01a1ng, l\u00e0m \u00eam d\u1ecbu l\u00e0n da k\u00edch \u1ee9ng, \u0111\u1ecf r\u00e1t v\u00e0 nh\u1ea1y c\u1ea3m. \u0110\u1eb7c bi\u1ec7t s\u1ea3n ph\u1ea9m v\u00f4 c\u00f9ng c\u1ea7n thi\u1ebft \u0111\u1ec3 c\u1ea5p c\u1ee9u cho l\u00e0n da t\u1ed5n th\u01b0\u01a1ng sau tr\u1ecb li\u1ec7u n\u00e1m b\u1eb1ng ph\u01b0\u01a1ng ph\u00e1p th\u1ea9m m\u1ef9 c\u00f4ng ngh\u1ec7 cao.<\/p>\n","protected":false},"featured_media":1325,"comment_status":"open","ping_status":"closed","template":"","meta":{"site-sidebar-layout":"default","site-content-layout":"default","ast-global-header-display":"","ast-banner-title-visibility":"","ast-main-header-display":"","ast-hfb-above-header-display":"","ast-hfb-below-header-display":"","ast-hfb-mobile-header-display":"","site-post-title":"","ast-breadcrumbs-content":"","ast-featured-img":"","footer-sml-layout":"","theme-transparent-header-meta":"default","adv-header-id-meta":"","stick-header-meta":"","header-above-stick-meta":"","header-main-stick-meta":"","header-below-stick-meta":""},"product_cat":[36,38],"product_tag":[],"_links":{"self":[{"href":"https:\/\/oanhbeautyspa.com\/index.php\/wp-json\/wp\/v2\/product\/1135"}],"collection":[{"href":"https:\/\/oanhbeautyspa.com\/index.php\/wp-json\/wp\/v2\/product"}],"about":[{"href":"https:\/\/oanhbeautyspa.com\/index.php\/wp-json\/wp\/v2\/types\/product"}],"replies":[{"embeddable":true,"href":"https:\/\/oanhbeautyspa.com\/index.php\/wp-json\/wp\/v2\/comments?post=1135"}],"wp:featuredmedia":[{"embeddable":true,"href":"https:\/\/oanhbeautyspa.com\/index.php\/wp-json\/wp\/v2\/media\/1325"}],"wp:attachment":[{"href":"https:\/\/oanhbeautyspa.com\/index.php\/wp-json\/wp\/v2\/media?parent=1135"}],"wp:term":[{"taxonomy":"product_cat","embeddable":true,"href":"https:\/\/oanhbeautyspa.com\/index.php\/wp-json\/wp\/v2\/product_cat?post=1135"},{"taxonomy":"product_tag","embeddable":true,"href":"https:\/\/oanhbeautyspa.com\/index.php\/wp-json\/wp\/v2\/product_tag?post=1135"}],"curies":[{"name":"wp","href":"https:\/\/api.w.org\/{rel}","templated":true}]}}