{"id":1129,"date":"2023-10-10T12:43:51","date_gmt":"2023-10-10T11:43:51","guid":{"rendered":"https:\/\/oanhbeautyspa.com\/?post_type=product&#038;p=1129"},"modified":"2023-10-31T21:32:49","modified_gmt":"2023-10-31T21:32:49","slug":"al-radiance-booster-vitamin-c-10-20ml","status":"publish","type":"product","link":"https:\/\/oanhbeautyspa.com\/index.php\/product\/al-radiance-booster-vitamin-c-10-20ml\/","title":{"rendered":"Al Radiance Booster Vitamin C 10% &#8211; 20ml"},"content":{"rendered":"<p>BOOSTER CUNG C\u1ea4P N\u0102NG L\u01af\u1ee2NG TR\u1eaeNG DA 10% C<\/p>\n<p><strong>TH\u00c0NH PH\u1ea6N V\u00c0 C\u00d4NG D\u1ee4NG<\/strong><br \/>\nRadiance Booster cung c\u1ea5p n\u0103ng l\u01b0\u1ee3ng tr\u1eafng s\u00e1ng da \u0111\u1ed9t ph\u00e1 v\u1edbi 10% Vitamin C s\u1ebd ngay l\u1eadp t\u1ee9c thay \u0111\u1ed5i di\u1ec7n m\u1ea1o c\u1ee7a l\u00e0n da, gi\u00fap da tr\u1edf n\u00ean tr\u1eafng s\u00e1ng v\u00e0 tr\u1ebb h\u00f3a b\u1ea5t ng\u1edd, x\u00f3a b\u1ecf nh\u1eefng d\u1ea5u hi\u1ec7u m\u1ec7t m\u1ecfi v\u00e0 \u0111\u1ea3o ng\u01b0\u1ee3c c\u00e1c d\u1ea5u hi\u1ec7u l\u00e3o h\u00f3a nh\u1edd kh\u1ea3 n\u0103ng ch\u1ed1ng Oxy h\u00f3a c\u1ef1c m\u1ea1nh c\u1ee7a n\u00f3. Vitamin C c\u0169ng gi\u00fap da tr\u1edf n\u00ean s\u0103n ch\u1eafc, \u0111i\u1ec1u ch\u1ec9nh t\u00f4ng m\u00e0u da tr\u1edf n\u00ean tr\u1eafng s\u00e1ng v\u00e0 t\u01b0\u01a1i tr\u1ebb, tr\u00e0n \u0111\u1ea7y s\u1ee9c s\u1ed1ng cho c\u00e1c t\u1ebf b\u00e0o da.<br \/>\nSwissline \u0111\u00e3 t\u1ea1o n\u00ean Stay-C \u00ae 50 &#8211; m\u1ed9t d\u1ea1ng Vitamin C tinh khi\u1ebft r\u1ea5t \u1ed5n \u0111\u1ecbnh v\u00e0 hi\u1ec7u qu\u1ea3 cao, \u0111\u00f3 ch\u00ednh l\u00e0 s\u1ef1 k\u1ebft h\u1ee3p gi\u1eefa Acid L-ascorbic &#8211; d\u1ea1ng Vitamin C c\u00f3 ho\u1ea1t t\u00ednh m\u1ea1nh m\u1ebd nh\u1ea5t h\u00f2a quy\u1ec7n v\u1edbi Ascorbyl Glucoside c\u00f3 t\u00ednh \u1ed5n \u0111\u1ecbnh v\u00e0 d\u1eabn xu\u1ea5t cao \u0111\u1ec3 t\u0103ng c\u01b0\u1eddng s\u1ef1 b\u1ec1n v\u1eefng c\u1ee7a Vitamin C \u1edf d\u1ea1ng tinh khi\u1ebft v\u00e0 \u0111\u1ea9y m\u1ea1nh d\u01b0\u1ee3c t\u00ednh tr\u1ebb h\u00f3a da l\u00ean m\u1ee9c cao nh\u1ea5t,<\/p>\n<p><strong>LO\u1ea0I DA PH\u00d9 H\u1ee2P<\/strong><br \/>\nK\u1ebft c\u1ea5u: Huy\u1ebft thanh d\u1ea1ng gel nh\u1eb9<br \/>\nH\u1ed7 tr\u1ee3: Da s\u1ea1m m\u00e0u, s\u1eafc t\u1ed1, da thi\u1ebfu sinh kh\u00ed m\u1ec7t m\u1ecfi, th\u00e2m m\u1ee5n<br \/>\nLo\u1ea1i da: T\u1ea5t c\u1ea3 c\u00e1c lo\u1ea1i da<br \/>\nH\u01b0\u01a1ng th\u01a1m: Kh\u00f4ng ch\u1ee9a h\u01b0\u01a1ng li\u1ec7u<\/p>\n<p><strong>C\u00c1CH S\u1eec D\u1ee4NG<\/strong><br \/>\nRadiance Booster &#8211; 10% Vitamin C c\u00f3 th\u1ec3 \u0111\u01b0\u1ee3c s\u1eed d\u1ee5ng v\u00e0o bu\u1ed5i s\u00e1ng v\u00e0 bu\u1ed5i t\u1ed1i.<br \/>\nNh\u1ecf 2-3 gi\u1ecdt Booster ra l\u00f2ng b\u00e0n tay v\u00e0 pha tr\u1ed9n, h\u00f2a quy\u1ec7n v\u1edbi t\u1ebf b\u00e0o g\u1ed1c CS AL Recovery Serum \u0111\u1ec3 c\u00f3 k\u1ebft qu\u1ea3 tr\u1ecb li\u1ec7u t\u1ed1i \u01b0u nh\u1ea5t.<br \/>\nC\u0169ng c\u00f3 th\u1ec3 k\u1ebft h\u1ee3p v\u1edbi kem d\u01b0\u1ee1ng da m\u00e0 b\u1ea1n y\u00eau th\u00edch \u0111\u1ec3 t\u0103ng c\u01b0\u1eddng hi\u1ec7u qu\u1ea3 \u0111i\u1ec1u tr\u1ecb c\u1ee7a lo\u1ea1i kem \u1ea5y.<br \/>\nTrong tu\u1ea7n \u0111\u1ea7u ti\u00ean, b\u1ea1n n\u00ean h\u1ea1n ch\u1ebf s\u1eed d\u1ee5ng v\u00e0o bu\u1ed5i s\u00e1ng, \u0111\u1ec3 cho ph\u00e9p l\u00e0n da \u0111\u01b0\u1ee3c th\u00edch nghi d\u1ea7n.<br \/>\nCh\u1ec9 c\u1ea7n 2-3 gi\u1ecdt l\u00e0 \u0111\u1ee7, c\u00f3 th\u1ec3 s\u1eed d\u1ee5ng nhi\u1ec1u h\u01a1n n\u1ebfu c\u1ea7n thi\u1ebft.<br \/>\nVi\u1ec7c s\u1eed d\u1ee5ng ch\u1ed1ng n\u1eafng c\u00f3 SPF ph\u00f9 h\u1ee3p v\u00e0o ban ng\u00e0y l\u00e0 \u0111i\u1ec1u b\u1eaft bu\u1ed9c \u0111\u1ec3 b\u1ea3o v\u1ec7 da t\u1ed1t h\u01a1n (c\u0169ng nh\u01b0 th\u00e0nh ph\u1ea7n vitamin C c\u00f3 trong c\u00f4ng th\u1ee9c).<\/p>\n<p>Gi\u1ea3i th\u01b0\u1edfng: Nh\u00e0 chi\u1ebfn th\u1eafng gi\u1ea3i Ch\u1ea5t l\u00e0m s\u00e1ng da t\u1ed1t nh\u1ea5t c\u1ee7a n\u0103m, Marie Claire Beauty Awards 2019.<br \/>\nRadiance Booster l\u00e0 m\u1ed9t ph\u1ea7n c\u1ee7a b\u1ed9 s\u01b0u t\u1eadp Age Intelligence chi\u1ebfn th\u1eafng Gi\u1ea3i th\u01b0\u1edfng Ch\u0103m s\u00f3c da Ph\u1ee5 n\u1eef &amp; Nh\u00e0 th\u00f4ng minh n\u0103m 2021.<\/p>\n<p>Kh\u00f4ng ch\u1ee9a paraben &#8211; Kh\u00f4ng g\u00e2y d\u1ecb \u1ee9ng &#8211; Kh\u00f4ng ch\u1ee9a Phenoxyethanol &#8211; Kh\u00f4ng ch\u1ee9a Parfum &#8211; Kh\u00f4ng m\u00e0u &#8211; Kh\u00f4ng \u0111\u1ed9c h\u1ea1i.<\/p>\n","protected":false},"excerpt":{"rendered":"<p>Radiance Booster cung c\u1ea5p n\u0103ng l\u01b0\u1ee3ng tr\u1eafng s\u00e1ng da \u0111\u1ed9t ph\u00e1 v\u1edbi 10% Vitamin C s\u1ebd ngay l\u1eadp t\u1ee9c thay \u0111\u1ed5i di\u1ec7n m\u1ea1o c\u1ee7a l\u00e0n da, gi\u00fap da tr\u1edf n\u00ean tr\u1eafng s\u00e1ng v\u00e0 tr\u1ebb h\u00f3a b\u1ea5t ng\u1edd, x\u00f3a b\u1ecf nh\u1eefng d\u1ea5u hi\u1ec7u m\u1ec7t m\u1ecfi v\u00e0 \u0111\u1ea3o ng\u01b0\u1ee3c c\u00e1c d\u1ea5u hi\u1ec7u l\u00e3o h\u00f3a nh\u1edd kh\u1ea3 n\u0103ng ch\u1ed1ng Oxy h\u00f3a c\u1ef1c m\u1ea1nh c\u1ee7a n\u00f3. Vitamin C c\u0169ng gi\u00fap da tr\u1edf n\u00ean s\u0103n ch\u1eafc, \u0111i\u1ec1u ch\u1ec9nh t\u00f4ng m\u00e0u da tr\u1edf n\u00ean tr\u1eafng s\u00e1ng v\u00e0 t\u01b0\u01a1i tr\u1ebb, tr\u00e0n \u0111\u1ea7y s\u1ee9c s\u1ed1ng cho c\u00e1c t\u1ebf b\u00e0o da.<\/p>\n","protected":false},"featured_media":1301,"comment_status":"open","ping_status":"closed","template":"","meta":{"site-sidebar-layout":"default","site-content-layout":"default","ast-global-header-display":"","ast-banner-title-visibility":"","ast-main-header-display":"","ast-hfb-above-header-display":"","ast-hfb-below-header-display":"","ast-hfb-mobile-header-display":"","site-post-title":"","ast-breadcrumbs-content":"","ast-featured-img":"","footer-sml-layout":"","theme-transparent-header-meta":"default","adv-header-id-meta":"","stick-header-meta":"","header-above-stick-meta":"","header-main-stick-meta":"","header-below-stick-meta":""},"product_cat":[36,38],"product_tag":[],"_links":{"self":[{"href":"https:\/\/oanhbeautyspa.com\/index.php\/wp-json\/wp\/v2\/product\/1129"}],"collection":[{"href":"https:\/\/oanhbeautyspa.com\/index.php\/wp-json\/wp\/v2\/product"}],"about":[{"href":"https:\/\/oanhbeautyspa.com\/index.php\/wp-json\/wp\/v2\/types\/product"}],"replies":[{"embeddable":true,"href":"https:\/\/oanhbeautyspa.com\/index.php\/wp-json\/wp\/v2\/comments?post=1129"}],"wp:featuredmedia":[{"embeddable":true,"href":"https:\/\/oanhbeautyspa.com\/index.php\/wp-json\/wp\/v2\/media\/1301"}],"wp:attachment":[{"href":"https:\/\/oanhbeautyspa.com\/index.php\/wp-json\/wp\/v2\/media?parent=1129"}],"wp:term":[{"taxonomy":"product_cat","embeddable":true,"href":"https:\/\/oanhbeautyspa.com\/index.php\/wp-json\/wp\/v2\/product_cat?post=1129"},{"taxonomy":"product_tag","embeddable":true,"href":"https:\/\/oanhbeautyspa.com\/index.php\/wp-json\/wp\/v2\/product_tag?post=1129"}],"curies":[{"name":"wp","href":"https:\/\/api.w.org\/{rel}","templated":true}]}}