{"id":1122,"date":"2023-10-10T12:43:46","date_gmt":"2023-10-10T11:43:46","guid":{"rendered":"https:\/\/oanhbeautyspa.com\/?post_type=product&#038;p=1122"},"modified":"2023-10-31T21:34:32","modified_gmt":"2023-10-31T21:34:32","slug":"youth-inducing-cream-50ml","status":"publish","type":"product","link":"https:\/\/oanhbeautyspa.com\/index.php\/product\/youth-inducing-cream-50ml\/","title":{"rendered":"Youth Inducing Cream &#8211; 50ml"},"content":{"rendered":"<p>KEM DINH D\u01af\u1ee0NG TR\u1eaeNG S\u00c1NG V\u00c0 TR\u1eba H\u00d3A DA HO\u00c0N H\u1ea2O<\/p>\n<p><strong>C\u00d4NG D\u1ee4NG V\u00c0 TH\u00c0NH PH\u1ea6N CH\u00cdNH<\/strong><br \/>\nH\u1ee3p ch\u1ea5t Cellactel 2 n\u1ed5i ti\u1ebfng c\u00f3 kh\u1ea3 n\u0103ng n\u00e2ng c\u01a1, x\u00f3a n\u1ebfp nh\u0103n, ch\u1ed1ng l\u00e3o h\u00f3a, th\u00fac \u0111\u1ea9y t\u00e1i t\u1ea1o t\u1ebf b\u00e0o m\u1edbi, c\u00f4ng ngh\u1ec7 t\u1ebf b\u00e0o g\u1ed1c t\u1eeb m\u1ea7m c\u1ee7a h\u1ea1t C\u00e0 ph\u00ea Bengalanis l\u00e0m \u0111\u1ea7y \u0111\u1eb7n v\u00e0 t\u00e1i c\u1ea5u tr\u00fac c\u00e1c m\u00f4 t\u1eeb s\u00e2u d\u01b0\u1edbi da, l\u00e0m gi\u1ea3m nhanh c\u00e1c n\u1ebfp nh\u0103n s\u00e2u. \u1ee8ng d\u1ee5ng ph\u00e2n t\u1eed Rab27a thu \u0111\u01b0\u1ee3c t\u1eeb t\u1ea3o \u0111\u1ecf Palmaria Palmata t\u1eeb \u0111\u1ea1i t\u00e2y d\u01b0\u01a1ng c\u00f3 kh\u1ea3 n\u0103ng \u1ee9c ch\u1ebf, ng\u0103n ho\u1ea1t \u0111\u1ed9ng c\u1ee7a protein Rab27a c\u00f3 trong c\u01a1 th\u1ec3 &#8211; l\u00e0m thay \u0111\u1ed5i c\u00e1c t\u00e1c \u0111\u1ed9ng trao \u0111\u1ed5i ch\u1ea5t, b\u1eaft \u0111\u1ea7u m\u1ed9t lo\u1ea1t ph\u1ea3n \u1ee9ng d\u00e2y chuy\u1ec1n d\u1eabn \u0111\u1ebfn c\u00e1c hi\u1ec7u qu\u1ea3 t\u00e1c \u0111\u1ed9ng h\u00e0ng lo\u1ea1t. Qu\u00e1 tr\u00ecnh n\u00e0y l\u00e0 th\u00e0nh t\u1ef1u m\u1edbi nh\u1ea5t trong cu\u1ed9c chi\u1ebfn ch\u1ed1ng l\u1ea1i s\u1ef1 h\u00ecnh th\u00e0nh \u0111\u1ed1m n\u00e2u. Ph\u1ee9c h\u1ee3p Polymer c\u00f3 ngu\u1ed3n g\u1ed1c th\u1ef1c v\u1eadt l\u00e0m m\u01b0\u1ee3t m\u00e0 c\u00e1c n\u1ebfp nh\u0103n, thu h\u1eb9p l\u1ed7 ch\u00e2n l\u00f4ng.<\/p>\n<p><strong>LO\u1ea0I DA PH\u00d9 H\u1ee2P<\/strong><br \/>\nDa th\u01b0\u1eddng, kh\u00f4, l\u00e3o h\u00f3a<\/p>\n<p><strong>C\u00c1CH S\u1eec D\u1ee4NG<\/strong><br \/>\nThoa \u0111\u1ec1u kh\u1eafp m\u1eb7t v\u00e0 v\u00f9ng c\u1ed5 m\u1ed7i s\u00e1ng v\u00e0 t\u1ed1i sau ch\u1ebf \u0111\u1ed9 ch\u0103m s\u00f3c da th\u00f4ng th\u01b0\u1eddng, t\u1ee9c l\u00e0 s\u1eefa r\u1eeda m\u1eb7t, toner, serum.<br \/>\nKem c\u00f3 k\u1ebft c\u1ea5u m\u1ec1m m\u1ea1i \u0111\u1ed9c \u0111\u00e1o c\u00f3 th\u1ec3 \u0111\u01b0\u1ee3c thoa b\u1eb1ng c\u00e1ch xoa b\u00f3p l\u00ean da theo chuy\u1ec3n \u0111\u1ed9ng tr\u00f2n tr\u00ean khu\u00f4n m\u1eb7t v\u00e0 chuy\u1ec3n \u0111\u1ed9ng gi\u1ea3m d\u1ea7n t\u1eeb quai h\u00e0m v\u1ec1 ph\u00eda c\u1ed5 v\u00e0 v\u00f9ng da m\u1eb7t.<\/p>\n","protected":false},"excerpt":{"rendered":"<p>H\u1ee3p ch\u1ea5t Cellactel 2 n\u1ed5i ti\u1ebfng c\u00f3 kh\u1ea3 n\u0103ng n\u00e2ng c\u01a1, x\u00f3a n\u1ebfp nh\u0103n, ch\u1ed1ng l\u00e3o h\u00f3a, th\u00fac \u0111\u1ea9y t\u00e1i t\u1ea1o t\u1ebf b\u00e0o m\u1edbi, c\u00f4ng ngh\u1ec7 t\u1ebf b\u00e0o g\u1ed1c t\u1eeb m\u1ea7m c\u1ee7a h\u1ea1t C\u00e0 ph\u00ea Bengalanis l\u00e0m \u0111\u1ea7y \u0111\u1eb7n v\u00e0 t\u00e1i c\u1ea5u tr\u00fac c\u00e1c m\u00f4 t\u1eeb s\u00e2u d\u01b0\u1edbi da, l\u00e0m gi\u1ea3m nhanh c\u00e1c n\u1ebfp nh\u0103n s\u00e2u.<\/p>\n","protected":false},"featured_media":1922,"comment_status":"open","ping_status":"closed","template":"","meta":{"site-sidebar-layout":"default","site-content-layout":"default","ast-global-header-display":"","ast-banner-title-visibility":"","ast-main-header-display":"","ast-hfb-above-header-display":"","ast-hfb-below-header-display":"","ast-hfb-mobile-header-display":"","site-post-title":"","ast-breadcrumbs-content":"","ast-featured-img":"","footer-sml-layout":"","theme-transparent-header-meta":"default","adv-header-id-meta":"","stick-header-meta":"","header-above-stick-meta":"","header-main-stick-meta":"","header-below-stick-meta":""},"product_cat":[36,41],"product_tag":[],"_links":{"self":[{"href":"https:\/\/oanhbeautyspa.com\/index.php\/wp-json\/wp\/v2\/product\/1122"}],"collection":[{"href":"https:\/\/oanhbeautyspa.com\/index.php\/wp-json\/wp\/v2\/product"}],"about":[{"href":"https:\/\/oanhbeautyspa.com\/index.php\/wp-json\/wp\/v2\/types\/product"}],"replies":[{"embeddable":true,"href":"https:\/\/oanhbeautyspa.com\/index.php\/wp-json\/wp\/v2\/comments?post=1122"}],"wp:featuredmedia":[{"embeddable":true,"href":"https:\/\/oanhbeautyspa.com\/index.php\/wp-json\/wp\/v2\/media\/1922"}],"wp:attachment":[{"href":"https:\/\/oanhbeautyspa.com\/index.php\/wp-json\/wp\/v2\/media?parent=1122"}],"wp:term":[{"taxonomy":"product_cat","embeddable":true,"href":"https:\/\/oanhbeautyspa.com\/index.php\/wp-json\/wp\/v2\/product_cat?post=1122"},{"taxonomy":"product_tag","embeddable":true,"href":"https:\/\/oanhbeautyspa.com\/index.php\/wp-json\/wp\/v2\/product_tag?post=1122"}],"curies":[{"name":"wp","href":"https:\/\/api.w.org\/{rel}","templated":true}]}}