{"id":1118,"date":"2023-10-10T12:43:46","date_gmt":"2023-10-10T11:43:46","guid":{"rendered":"https:\/\/oanhbeautyspa.com\/?post_type=product&#038;p=1118"},"modified":"2023-10-31T21:36:26","modified_gmt":"2023-10-31T21:36:26","slug":"perfect-profile-remodeling-cream","status":"publish","type":"product","link":"https:\/\/oanhbeautyspa.com\/index.php\/product\/perfect-profile-remodeling-cream\/","title":{"rendered":"Perfect Profile Remodeling Cream"},"content":{"rendered":"<p>Kem ph\u1ee5c h\u1ed3i v\u00f9ng da c\u1ed5 v\u00e0 d\u01b0\u1edbi c\u1eb1m<\/p>\n<p><strong>C\u00d4NG D\u1ee4NG V\u00c0 TH\u00c0NH PH\u1ea6N CH\u00cdNH<\/strong><br \/>\nChi\u1ebft xu\u1ea5t b\u1ea1ch qu\u1ea3, t\u1ea3o bi\u1ec3n, rau m\u00e1 v\u00e0 c\u00e1c Protein th\u1ef1c v\u1eadt gi\u00fap \u0111\u00e0o th\u1ea3i \u0111\u1ed9c t\u1ed1 v\u00e0 c\u00e1c m\u00f4 m\u1ee1 th\u1eeba d\u01b0\u1edbi da, n\u00e2ng \u0111\u1ee1 v\u00f9ng da nh\u00e3o x\u1ec7 d\u01b0\u1edbi c\u1eb1m v\u00e0 v\u00f9ng da c\u1ed5 b\u1ecb l\u00e3o h\u00f3a gi\u00fap da s\u0103n ch\u1eafc, m\u1ec1m m\u1ea1i v\u00e0 tr\u01a1n l\u00e1ng b\u1ea5t ng\u1edd.<\/p>\n<p><strong>LO\u1ea0I DA PH\u00d9 H\u1ee2P<\/strong><br \/>\nT\u1ea5t c\u1ea3 lo\u1ea1i da<\/p>\n<p><strong>C\u00c1CH S\u1eec D\u1ee4NG<\/strong><br \/>\n\u00c1p d\u1ee5ng v\u00e0o bu\u1ed5i t\u1ed1i tr\u00ean da \u0111\u00e3 \u0111\u01b0\u1ee3c l\u00e0m s\u1ea1ch ho\u00e0n to\u00e0n ho\u1eb7c v\u00e0o bu\u1ed5i s\u00e1ng tr\u01b0\u1edbc khi thoa c\u00e1c s\u1ea3n ph\u1ea9m Swissline th\u00edch h\u1ee3p.<br \/>\nCho m\u1ed9t l\u01b0\u1ee3ng kem v\u1eeba ph\u1ea3i l\u00ean ng\u00f3n tay, nh\u1eb9 nh\u00e0ng xoa b\u00f3p, b\u1eaft \u0111\u1ea7u t\u1eeb c\u1eb1m v\u00e0 xu\u00f4i xu\u1ed1ng c\u1ed5.<\/p>\n","protected":false},"excerpt":{"rendered":"<p>Chi\u1ebft xu\u1ea5t b\u1ea1ch qu\u1ea3, t\u1ea3o bi\u1ec3n, rau m\u00e1 v\u00e0 c\u00e1c Protein th\u1ef1c v\u1eadt gi\u00fap \u0111\u00e0o th\u1ea3i \u0111\u1ed9c t\u1ed1 v\u00e0 c\u00e1c m\u00f4 m\u1ee1 th\u1eeba d\u01b0\u1edbi da, n\u00e2ng \u0111\u1ee1 v\u00f9ng da nh\u00e3o x\u1ec7 d\u01b0\u1edbi c\u1eb1m v\u00e0 v\u00f9ng da c\u1ed5 b\u1ecb l\u00e3o h\u00f3a gi\u00fap da s\u0103n ch\u1eafc, m\u1ec1m m\u1ea1i v\u00e0 tr\u01a1n l\u00e1ng b\u1ea5t ng\u1edd.<\/p>\n","protected":false},"featured_media":1284,"comment_status":"open","ping_status":"closed","template":"","meta":{"site-sidebar-layout":"default","site-content-layout":"default","ast-global-header-display":"","ast-banner-title-visibility":"","ast-main-header-display":"","ast-hfb-above-header-display":"","ast-hfb-below-header-display":"","ast-hfb-mobile-header-display":"","site-post-title":"","ast-breadcrumbs-content":"","ast-featured-img":"","footer-sml-layout":"","theme-transparent-header-meta":"default","adv-header-id-meta":"","stick-header-meta":"","header-above-stick-meta":"","header-main-stick-meta":"","header-below-stick-meta":""},"product_cat":[36,41],"product_tag":[],"_links":{"self":[{"href":"https:\/\/oanhbeautyspa.com\/index.php\/wp-json\/wp\/v2\/product\/1118"}],"collection":[{"href":"https:\/\/oanhbeautyspa.com\/index.php\/wp-json\/wp\/v2\/product"}],"about":[{"href":"https:\/\/oanhbeautyspa.com\/index.php\/wp-json\/wp\/v2\/types\/product"}],"replies":[{"embeddable":true,"href":"https:\/\/oanhbeautyspa.com\/index.php\/wp-json\/wp\/v2\/comments?post=1118"}],"wp:featuredmedia":[{"embeddable":true,"href":"https:\/\/oanhbeautyspa.com\/index.php\/wp-json\/wp\/v2\/media\/1284"}],"wp:attachment":[{"href":"https:\/\/oanhbeautyspa.com\/index.php\/wp-json\/wp\/v2\/media?parent=1118"}],"wp:term":[{"taxonomy":"product_cat","embeddable":true,"href":"https:\/\/oanhbeautyspa.com\/index.php\/wp-json\/wp\/v2\/product_cat?post=1118"},{"taxonomy":"product_tag","embeddable":true,"href":"https:\/\/oanhbeautyspa.com\/index.php\/wp-json\/wp\/v2\/product_tag?post=1118"}],"curies":[{"name":"wp","href":"https:\/\/api.w.org\/{rel}","templated":true}]}}