{"id":1107,"date":"2023-10-10T12:43:45","date_gmt":"2023-10-10T11:43:45","guid":{"rendered":"https:\/\/oanhbeautyspa.com\/?post_type=product&#038;p=1107"},"modified":"2023-10-10T17:16:25","modified_gmt":"2023-10-10T16:16:25","slug":"serum-pigm-400-30ml","status":"publish","type":"product","link":"https:\/\/oanhbeautyspa.com\/index.php\/product\/serum-pigm-400-30ml\/","title":{"rendered":"Serum Pigm 400 &#8211; 30ml"},"content":{"rendered":"<p>S\u00e9rum PIGM 400<br \/>\nSerum l\u00e0m s\u00e1ng v\u00e0 ph\u1ee5c h\u1ed3i c\u00e1c s\u1eafc t\u1ed1 t\u1ed1i m\u00e0u cho da m\u1eb7t<\/p>\n<p>\u2022 CH\u1ed0NG N\u00c1M, S\u1ea0M DA \u2022 L\u00c0M \u0110\u1ec0U M\u00c0U \u2022 L\u00c0M S\u00c1NG<br \/>\nS\u00e9rum PIGM 400 \u0111\u01b0\u1ee3c ch\u1ebf t\u1ea1o \u0111\u1eb7c bi\u1ec7t \u0111\u1ec3 ng\u0103n ch\u1eb7n c\u00e1c \u0111\u1ed1m \u0111en xu\u1ea5t hi\u1ec7n, l\u00e0m gi\u1ea3m s\u1ef1 xu\u1ea5t hi\u1ec7n c\u1ee7a c\u00e1c v\u1ebft s\u1eafc t\u1ed1, l\u00e0m s\u00e1ng v\u00e0 l\u00e0m \u0111\u1ec1u m\u00e0u da.<br \/>\n\u0110\u01b0\u1ee3c khuy\u1ebfn ngh\u1ecb cho c\u00e1c lo\u1ea1i da x\u1ec9n m\u00e0u c\u00f3 d\u1ea5u s\u1eafc t\u1ed1.<\/p>\n<p>H\u01af\u1edaNG D\u1eaaN S\u1eec D\u1ee4NG<br \/>\nThoa serum l\u00ean kh\u1eafp m\u1eb7t, c\u1ed5 v\u00e0 vai b\u1eb1ng c\u00e1ch vu\u1ed1t nh\u1eb9 l\u00ean tr\u00ean cho \u0111\u1ebfn khi s\u1ea3n ph\u1ea9m \u0111\u01b0\u1ee3c h\u1ea5p th\u1ee5 ho\u00e0n to\u00e0n.<\/p>\n<p>TH\u1eacN TR\u1eccNG KHI S\u1eec D\u1ee4NG<br \/>\nB\u1ea3o v\u1ec7 da kh\u1ecfi \u00e1nh n\u1eafng m\u1eb7t tr\u1eddi sau khi s\u1eed d\u1ee5ng s\u1ea3n ph\u1ea9m.<br \/>\nCh\u1ec9 s\u1eed d\u1ee5ng ngo\u00e0i da.<\/p>\n<p>\u0110\u1ecaNH D\u1ea0NG<br \/>\n8ml, 30ml<\/p>\n","protected":false},"excerpt":{"rendered":"<p>S\u00e9rum PIGM 400 Serum l\u00e0m s\u00e1ng v\u00e0 ph\u1ee5c h\u1ed3i c\u00e1c s\u1eafc t\u1ed1 t\u1ed1i m\u00e0u cho da m\u1eb7t \u2022 CH\u1ed0NG N\u00c1M, S\u1ea0M DA \u2022 L\u00c0M \u0110\u1ec0U M\u00c0U \u2022 L\u00c0M S\u00c1NG S\u00e9rum PIGM 400 \u0111\u01b0\u1ee3c ch\u1ebf t\u1ea1o \u0111\u1eb7c bi\u1ec7t \u0111\u1ec3 ng\u0103n ch\u1eb7n c\u00e1c \u0111\u1ed1m \u0111en xu\u1ea5t hi\u1ec7n, l\u00e0m gi\u1ea3m s\u1ef1 xu\u1ea5t hi\u1ec7n c\u1ee7a c\u00e1c v\u1ebft s\u1eafc t\u1ed1, &hellip;<\/p>\n<p class=\"read-more\"> <a class=\"\" href=\"https:\/\/oanhbeautyspa.com\/index.php\/product\/serum-pigm-400-30ml\/\"> <span class=\"screen-reader-text\">Serum Pigm 400 &#8211; 30ml<\/span> Read More &raquo;<\/a><\/p>\n","protected":false},"featured_media":1269,"comment_status":"open","ping_status":"closed","template":"","meta":{"site-sidebar-layout":"default","site-content-layout":"default","ast-global-header-display":"","ast-banner-title-visibility":"","ast-main-header-display":"","ast-hfb-above-header-display":"","ast-hfb-below-header-display":"","ast-hfb-mobile-header-display":"","site-post-title":"","ast-breadcrumbs-content":"","ast-featured-img":"","footer-sml-layout":"","theme-transparent-header-meta":"default","adv-header-id-meta":"","stick-header-meta":"","header-above-stick-meta":"","header-main-stick-meta":"","header-below-stick-meta":""},"product_cat":[35,38],"product_tag":[],"_links":{"self":[{"href":"https:\/\/oanhbeautyspa.com\/index.php\/wp-json\/wp\/v2\/product\/1107"}],"collection":[{"href":"https:\/\/oanhbeautyspa.com\/index.php\/wp-json\/wp\/v2\/product"}],"about":[{"href":"https:\/\/oanhbeautyspa.com\/index.php\/wp-json\/wp\/v2\/types\/product"}],"replies":[{"embeddable":true,"href":"https:\/\/oanhbeautyspa.com\/index.php\/wp-json\/wp\/v2\/comments?post=1107"}],"wp:featuredmedia":[{"embeddable":true,"href":"https:\/\/oanhbeautyspa.com\/index.php\/wp-json\/wp\/v2\/media\/1269"}],"wp:attachment":[{"href":"https:\/\/oanhbeautyspa.com\/index.php\/wp-json\/wp\/v2\/media?parent=1107"}],"wp:term":[{"taxonomy":"product_cat","embeddable":true,"href":"https:\/\/oanhbeautyspa.com\/index.php\/wp-json\/wp\/v2\/product_cat?post=1107"},{"taxonomy":"product_tag","embeddable":true,"href":"https:\/\/oanhbeautyspa.com\/index.php\/wp-json\/wp\/v2\/product_tag?post=1107"}],"curies":[{"name":"wp","href":"https:\/\/api.w.org\/{rel}","templated":true}]}}