{"id":1093,"date":"2023-10-10T12:43:40","date_gmt":"2023-10-10T11:43:40","guid":{"rendered":"https:\/\/oanhbeautyspa.com\/?post_type=product&#038;p=1093"},"modified":"2023-10-31T21:43:47","modified_gmt":"2023-10-31T21:43:47","slug":"masque-visolastine-100ml","status":"publish","type":"product","link":"https:\/\/oanhbeautyspa.com\/index.php\/product\/masque-visolastine-100ml\/","title":{"rendered":"Masque Visolastine + &#8211; 100ml"},"content":{"rendered":"<p>Masque Visolastine +<br \/>\nM\u1eb7t n\u1ea1 c\u1ea5p \u1ea9m v\u00e0 t\u00e1i t\u1ea1o da<\/p>\n<p><strong>\u2022 T\u00c1I T\u1ea0O \u2022 D\u01af\u1ee0NG \u1ea8M<\/strong><br \/>\nMasque Visolastine + t\u0103ng c\u01b0\u1eddng d\u01b0\u1ee1ng \u1ea9m da b\u1eb1ng c\u00e1ch cung c\u1ea5p n\u01b0\u1edbc cho c\u00e1c l\u1edbp ngo\u00e0i c\u1ee7a l\u1edbp bi\u1ec3u b\u00ec v\u00e0 kh\u00f3a \u0111\u1ed9 \u1ea9m. d\u01b0\u1ee1ng \u1ea9m t\u1ee9c th\u1eddi v\u00e0 l\u00e2u d\u00e0i n\u00e0y gi\u00fap l\u00e0n da c\u1ea3m th\u1ea5y m\u1ec1m m\u1ea1i v\u00e0 tho\u1ea3i m\u00e1i c\u1ea3 ng\u00e0y d\u00e0i.<br \/>\n\u0110\u01b0\u1ee3c khuy\u1ebfn ngh\u1ecb cho c\u00e1c da b\u1ecb m\u1ea5t n\u01b0\u1edbc.<\/p>\n<p><strong>H\u01af\u1edaNG D\u1eaaN S\u1eec D\u1ee4NG<\/strong><br \/>\n1. Thoa l\u00ean to\u00e0n b\u1ed9 v\u00f9ng m\u1eb7t, c\u1ed5 v\u00e0 vai.<br \/>\n2. \u0110\u1ec3 y\u00ean trong 15 ph\u00fat.<br \/>\n3. R\u1eeda b\u1eb1ng n\u01b0\u1edbc l\u1ea1nh<\/p>\n<p><strong>TH\u1eacN TR\u1eccNG KHI S\u1eec D\u1ee4NG<\/strong><br \/>\nTr\u00e1nh ti\u1ebfp x\u00fac v\u1edbi m\u1eaft.<br \/>\nCh\u1ec9 s\u1eed d\u1ee5ng ngo\u00e0i da.<\/p>\n<p><strong>\u0110\u1ecaNH D\u1ea0NG<\/strong><br \/>\n100 ml<\/p>\n","protected":false},"excerpt":{"rendered":"<p>Masque Visolastine + t\u0103ng c\u01b0\u1eddng d\u01b0\u1ee1ng \u1ea9m da b\u1eb1ng c\u00e1ch cung c\u1ea5p n\u01b0\u1edbc cho c\u00e1c l\u1edbp ngo\u00e0i c\u1ee7a l\u1edbp bi\u1ec3u b\u00ec v\u00e0 kh\u00f3a \u0111\u1ed9 \u1ea9m. d\u01b0\u1ee1ng \u1ea9m t\u1ee9c th\u1eddi v\u00e0 l\u00e2u d\u00e0i n\u00e0y gi\u00fap l\u00e0n da c\u1ea3m th\u1ea5y m\u1ec1m m\u1ea1i v\u00e0 tho\u1ea3i m\u00e1i c\u1ea3 ng\u00e0y d\u00e0i.<br \/>\n\u0110\u01b0\u1ee3c khuy\u1ebfn ngh\u1ecb cho c\u00e1c da b\u1ecb m\u1ea5t n\u01b0\u1edbc.<\/p>\n","protected":false},"featured_media":1254,"comment_status":"open","ping_status":"closed","template":"","meta":{"site-sidebar-layout":"default","site-content-layout":"default","ast-global-header-display":"","ast-banner-title-visibility":"","ast-main-header-display":"","ast-hfb-above-header-display":"","ast-hfb-below-header-display":"","ast-hfb-mobile-header-display":"","site-post-title":"","ast-breadcrumbs-content":"","ast-featured-img":"","footer-sml-layout":"","theme-transparent-header-meta":"default","adv-header-id-meta":"","stick-header-meta":"","header-above-stick-meta":"","header-main-stick-meta":"","header-below-stick-meta":""},"product_cat":[35,40],"product_tag":[],"_links":{"self":[{"href":"https:\/\/oanhbeautyspa.com\/index.php\/wp-json\/wp\/v2\/product\/1093"}],"collection":[{"href":"https:\/\/oanhbeautyspa.com\/index.php\/wp-json\/wp\/v2\/product"}],"about":[{"href":"https:\/\/oanhbeautyspa.com\/index.php\/wp-json\/wp\/v2\/types\/product"}],"replies":[{"embeddable":true,"href":"https:\/\/oanhbeautyspa.com\/index.php\/wp-json\/wp\/v2\/comments?post=1093"}],"wp:featuredmedia":[{"embeddable":true,"href":"https:\/\/oanhbeautyspa.com\/index.php\/wp-json\/wp\/v2\/media\/1254"}],"wp:attachment":[{"href":"https:\/\/oanhbeautyspa.com\/index.php\/wp-json\/wp\/v2\/media?parent=1093"}],"wp:term":[{"taxonomy":"product_cat","embeddable":true,"href":"https:\/\/oanhbeautyspa.com\/index.php\/wp-json\/wp\/v2\/product_cat?post=1093"},{"taxonomy":"product_tag","embeddable":true,"href":"https:\/\/oanhbeautyspa.com\/index.php\/wp-json\/wp\/v2\/product_tag?post=1093"}],"curies":[{"name":"wp","href":"https:\/\/api.w.org\/{rel}","templated":true}]}}