{"id":1091,"date":"2023-10-10T12:43:40","date_gmt":"2023-10-10T11:43:40","guid":{"rendered":"https:\/\/oanhbeautyspa.com\/?post_type=product&#038;p=1091"},"modified":"2023-10-31T21:43:30","modified_gmt":"2023-10-31T21:43:30","slug":"masque-biosensible-100ml","status":"publish","type":"product","link":"https:\/\/oanhbeautyspa.com\/index.php\/product\/masque-biosensible-100ml\/","title":{"rendered":"Masque Biosensible &#8211; 100ml"},"content":{"rendered":"<p>Masque Biosensible<br \/>\nM\u1eb7t n\u1ea1 l\u00e0m d\u1ecbu ph\u1ee5c h\u1ed3i v\u00e0 th\u1ea3i \u0111\u1ed9c<\/p>\n<p><strong>\u2022 L\u00c0M D\u1ecaU \u2022 D\u01af\u1ee0NG \u1ea8M \u2022 B\u1ea2O V\u1ec6\/ PH\u00d2NG NG\u1eeaA<\/strong><br \/>\nMasque Biosensible l\u00e0m gi\u1ea3m \u0111\u00e1ng k\u1ec3 \u0111\u1ed9 nh\u1ea1y c\u1ea3m c\u1ee7a da v\u00e0 mang l\u1ea1i s\u1ef1 nh\u1eb9 nh\u00f5m v\u00e0 tho\u1ea3i m\u00e1i t\u1ee9c th\u00ec cho l\u00e0n da m\u1ecfng manh. C\u00e1c ho\u1ea1t ch\u1ea5t l\u00e0m d\u1ecbu v\u00e0 b\u1ea3o v\u1ec7 c\u1ee7a n\u00f3 l\u00e0m gi\u1ea3m b\u1edbt s\u1ef1 xu\u1ea5t hi\u1ec7n c\u1ee7a c\u00e1c t\u00e1c nh\u00e2n k\u00edch \u1ee9ng v\u00e0 gi\u00fap c\u1ee7ng c\u1ed1 h\u00e0ng r\u00e0o t\u1ef1 nhi\u00ean c\u1ee7a da, s\u1ea3n ph\u1ea9m l\u00e0m d\u1ecbu v\u00e0 l\u00e0m gi\u1ea3m c\u1ea3m gi\u00e1c c\u0103ng, \u1eedng \u0111\u1ecf v\u00e0 ng\u1ee9a. Da \u0111\u01b0\u1ee3c gi\u1eef \u1ea9m, l\u00e0m d\u1ecbu v\u00e0 \u00edt ch\u1ecbu ph\u1ea3n \u1ee9ng v\u1edbi t\u00e1c h\u1ea1i c\u1ee7a m\u00f4i tr\u01b0\u1eddng.<br \/>\n\u0110\u01b0\u1ee3c khuy\u1ebfn ngh\u1ecb cho c\u00e1c da nh\u1ea1y c\u1ea3m.<\/p>\n<p><strong>H\u01af\u1edaNG D\u1eaaN S\u1eec D\u1ee4NG<\/strong><br \/>\n1. Thoa l\u00ean to\u00e0n b\u1ed9 v\u00f9ng m\u1eb7t, c\u1ed5 v\u00e0 vai.<br \/>\n2. Tr\u00e1nh v\u00f9ng quanh m\u1eaft.<br \/>\n3. \u0110\u1ec3 y\u00ean trong 15 ph\u00fat.<br \/>\n4. R\u1eeda s\u1ea1ch b\u1eb1ng n\u01b0\u1edbc l\u1ea1nh.<\/p>\n<p><strong>TH\u1eacN TR\u1eccNG KHI S\u1eec D\u1ee4NG<\/strong><br \/>\nTr\u00e1nh ti\u1ebfp x\u00fac v\u1edbi m\u1eaft.<br \/>\nKh\u00f4ng s\u1eed d\u1ee5ng cho tr\u1ebb em d\u01b0\u1edbi 3 tu\u1ed5i.<br \/>\nCh\u1ec9 s\u1eed d\u1ee5ng ngo\u00e0i da.<\/p>\n<p><strong>\u0110\u1ecaNH D\u1ea0NG<\/strong><br \/>\n100 ml<\/p>\n","protected":false},"excerpt":{"rendered":"<p>Masque Biosensible l\u00e0m gi\u1ea3m \u0111\u00e1ng k\u1ec3 \u0111\u1ed9 nh\u1ea1y c\u1ea3m c\u1ee7a da v\u00e0 mang l\u1ea1i s\u1ef1 nh\u1eb9 nh\u00f5m v\u00e0 tho\u1ea3i m\u00e1i t\u1ee9c th\u00ec cho l\u00e0n da m\u1ecfng manh. C\u00e1c ho\u1ea1t ch\u1ea5t l\u00e0m d\u1ecbu v\u00e0 b\u1ea3o v\u1ec7 c\u1ee7a n\u00f3 l\u00e0m gi\u1ea3m b\u1edbt s\u1ef1 xu\u1ea5t hi\u1ec7n c\u1ee7a c\u00e1c t\u00e1c nh\u00e2n k\u00edch \u1ee9ng v\u00e0 gi\u00fap c\u1ee7ng c\u1ed1 h\u00e0ng r\u00e0o t\u1ef1 nhi\u00ean c\u1ee7a da, s\u1ea3n ph\u1ea9m l\u00e0m d\u1ecbu v\u00e0 l\u00e0m gi\u1ea3m c\u1ea3m gi\u00e1c c\u0103ng, \u1eedng \u0111\u1ecf v\u00e0 ng\u1ee9a. Da \u0111\u01b0\u1ee3c gi\u1eef \u1ea9m, l\u00e0m d\u1ecbu v\u00e0 \u00edt ch\u1ecbu ph\u1ea3n \u1ee9ng v\u1edbi t\u00e1c h\u1ea1i c\u1ee7a m\u00f4i tr\u01b0\u1eddng.<\/p>\n","protected":false},"featured_media":1252,"comment_status":"open","ping_status":"closed","template":"","meta":{"site-sidebar-layout":"default","site-content-layout":"default","ast-global-header-display":"","ast-banner-title-visibility":"","ast-main-header-display":"","ast-hfb-above-header-display":"","ast-hfb-below-header-display":"","ast-hfb-mobile-header-display":"","site-post-title":"","ast-breadcrumbs-content":"","ast-featured-img":"","footer-sml-layout":"","theme-transparent-header-meta":"default","adv-header-id-meta":"","stick-header-meta":"","header-above-stick-meta":"","header-main-stick-meta":"","header-below-stick-meta":""},"product_cat":[35,40],"product_tag":[],"_links":{"self":[{"href":"https:\/\/oanhbeautyspa.com\/index.php\/wp-json\/wp\/v2\/product\/1091"}],"collection":[{"href":"https:\/\/oanhbeautyspa.com\/index.php\/wp-json\/wp\/v2\/product"}],"about":[{"href":"https:\/\/oanhbeautyspa.com\/index.php\/wp-json\/wp\/v2\/types\/product"}],"replies":[{"embeddable":true,"href":"https:\/\/oanhbeautyspa.com\/index.php\/wp-json\/wp\/v2\/comments?post=1091"}],"wp:featuredmedia":[{"embeddable":true,"href":"https:\/\/oanhbeautyspa.com\/index.php\/wp-json\/wp\/v2\/media\/1252"}],"wp:attachment":[{"href":"https:\/\/oanhbeautyspa.com\/index.php\/wp-json\/wp\/v2\/media?parent=1091"}],"wp:term":[{"taxonomy":"product_cat","embeddable":true,"href":"https:\/\/oanhbeautyspa.com\/index.php\/wp-json\/wp\/v2\/product_cat?post=1091"},{"taxonomy":"product_tag","embeddable":true,"href":"https:\/\/oanhbeautyspa.com\/index.php\/wp-json\/wp\/v2\/product_tag?post=1091"}],"curies":[{"name":"wp","href":"https:\/\/api.w.org\/{rel}","templated":true}]}}