{"id":1080,"date":"2023-10-10T12:43:40","date_gmt":"2023-10-10T11:43:40","guid":{"rendered":"https:\/\/oanhbeautyspa.com\/?post_type=product&#038;p=1080"},"modified":"2023-10-31T21:49:57","modified_gmt":"2023-10-31T21:49:57","slug":"liposmose-serum-authentique-30ml","status":"publish","type":"product","link":"https:\/\/oanhbeautyspa.com\/index.php\/product\/liposmose-serum-authentique-30ml\/","title":{"rendered":"Liposmose Serum Authentique &#8211; 30ml"},"content":{"rendered":"<p>Liposmose<br \/>\nSerum ch\u1ed1ng b\u1ecdng cho m\u1eaft<\/p>\n<p><strong>\u2022 CH\u1ed0NG B\u1eccNG M\u1eaeT \u2022 CH\u1ed0NG T\u00daI M\u1ee0 \u2022 DA NGH\u1ec8 NG\u01a0I<\/strong><br \/>\nC\u00f4ng th\u1ee9c \u0111\u1eb7c bi\u1ec7t d\u00e0nh cho m\u1eaft b\u1ecb t\u1eafc ngh\u1ebdn, Liposmose cung c\u1ea5p gi\u1ea3i ph\u00e1p l\u00e2u d\u00e0i b\u1eb1ng c\u00e1ch nh\u1eafm v\u00e0o n\u01b0\u1edbc v\u00e0 m\u1ee1 d\u01b0\u1edbi qu\u1ea7ng m\u1eaft c\u0169ng nh\u01b0 nh\u1eefng v\u1ebft th\u00e2m do l\u00e3o h\u00f3a da.<br \/>\nC\u00f4ng th\u1ee9c c\u1ee7a n\u00f3 ch\u1ee9a c\u00e1c th\u00e0nh ph\u1ea7n ho\u1ea1t t\u00ednh v\u1edbi ba ho\u1ea1t \u0111\u1ed9ng \u0111i\u1ec1u h\u00f2a th\u1ea9m th\u1ea5u, ph\u00e2n gi\u1ea3i m\u1ee1 v\u00e0 l\u00e0m s\u0103n ch\u1eafc, gi\u00fap \u0111i\u1ec1u ch\u1ec9nh v\u00e0 b\u1ea3o v\u1ec7 da kh\u1ecfi c\u00e1c t\u00e1c \u0111\u1ed9ng b\u00ean ngo\u00e0i, mang l\u1ea1i v\u1ebb s\u00e1ng l\u1ea5p l\u00e1nh cho \u0111\u00f4i m\u1eaft. Ng\u00e0y qua ng\u00e0y, l\u01b0\u1ee3ng b\u1ecdng m\u1eaft gi\u1ea3m \u0111i, \u0111\u00f4i m\u1eaft nh\u01b0 \u0111\u01b0\u1ee3c h\u1ed3i sinh v\u00e0 l\u00e0m m\u1ecbn \u0111\u01b0\u1eddng vi\u1ec1n m\u1eaft.<br \/>\n\u0110\u01b0\u1ee3c \u0111\u1ec1 xu\u1ea5t d\u00f9ng cho v\u00f9ng da c\u00f3 b\u1ecdng d\u01b0\u1edbi m\u1eaft.<\/p>\n<p><strong>H\u01af\u1edaNG D\u1eaaN S\u1eec D\u1ee4NG<\/strong><br \/>\n1. \u00c1p d\u1ee5ng v\u00e0o bu\u1ed5i s\u00e1ng v\u00e0\/ ho\u1eb7c bu\u1ed5i t\u1ed1i tr\u00ean to\u00e0n b\u1ed9 v\u00f9ng vi\u1ec1n m\u1eaft, t\u1eadp trung v\u00e0o b\u1ecdng m\u1eaft.<br \/>\n2. Nh\u1eb9 nh\u00e0ng ch\u1ea5m b\u1eb1ng \u0111\u1ea7u ng\u00f3n tay, b\u1eaft \u0111\u1ea7u t\u1eeb g\u00f3c trong v\u00e0 di chuy\u1ec3n ra g\u00f3c ngo\u00e0i c\u1ee7a m\u1eaft, \u0111\u1ec3 t\u1ea1o \u0111i\u1ec1u ki\u1ec7n vi tu\u1ea7n ho\u00e0n.<br \/>\n3. Ti\u1ebfp theo, d\u00f9ng l\u1ef1c \u1ea5n nh\u1eb9 nh\u00e0ng l\u00ean v\u00f9ng b\u1ea1ch huy\u1ebft \u0111\u1ec3 gi\u1ea3m xung huy\u1ebft \u1edf v\u00f9ng vi\u1ec1n m\u1eaft.<\/p>\n<p><strong>TH\u1eacN TR\u1eccNG KHI S\u1eec D\u1ee4NG<\/strong><br \/>\nTr\u00e1nh ti\u1ebfp x\u00fac v\u1edbi m\u1eaft.<br \/>\nCh\u1ec9 s\u1eed d\u1ee5ng ngo\u00e0i da.<\/p>\n<p><strong>\u0110\u1ecaNH D\u1ea0NG<\/strong><br \/>\n8ml, 30ml<\/p>\n","protected":false},"excerpt":{"rendered":"<p>C\u00f4ng th\u1ee9c \u0111\u1eb7c bi\u1ec7t d\u00e0nh cho m\u1eaft b\u1ecb t\u1eafc ngh\u1ebdn, Liposmose cung c\u1ea5p gi\u1ea3i ph\u00e1p l\u00e2u d\u00e0i b\u1eb1ng c\u00e1ch nh\u1eafm v\u00e0o n\u01b0\u1edbc v\u00e0 m\u1ee1 d\u01b0\u1edbi qu\u1ea7ng m\u1eaft c\u0169ng nh\u01b0 nh\u1eefng v\u1ebft th\u00e2m do l\u00e3o h\u00f3a da.<\/p>\n","protected":false},"featured_media":1239,"comment_status":"open","ping_status":"closed","template":"","meta":{"site-sidebar-layout":"default","site-content-layout":"default","ast-global-header-display":"","ast-banner-title-visibility":"","ast-main-header-display":"","ast-hfb-above-header-display":"","ast-hfb-below-header-display":"","ast-hfb-mobile-header-display":"","site-post-title":"","ast-breadcrumbs-content":"","ast-featured-img":"","footer-sml-layout":"","theme-transparent-header-meta":"default","adv-header-id-meta":"","stick-header-meta":"","header-above-stick-meta":"","header-main-stick-meta":"","header-below-stick-meta":""},"product_cat":[35,38],"product_tag":[],"_links":{"self":[{"href":"https:\/\/oanhbeautyspa.com\/index.php\/wp-json\/wp\/v2\/product\/1080"}],"collection":[{"href":"https:\/\/oanhbeautyspa.com\/index.php\/wp-json\/wp\/v2\/product"}],"about":[{"href":"https:\/\/oanhbeautyspa.com\/index.php\/wp-json\/wp\/v2\/types\/product"}],"replies":[{"embeddable":true,"href":"https:\/\/oanhbeautyspa.com\/index.php\/wp-json\/wp\/v2\/comments?post=1080"}],"wp:featuredmedia":[{"embeddable":true,"href":"https:\/\/oanhbeautyspa.com\/index.php\/wp-json\/wp\/v2\/media\/1239"}],"wp:attachment":[{"href":"https:\/\/oanhbeautyspa.com\/index.php\/wp-json\/wp\/v2\/media?parent=1080"}],"wp:term":[{"taxonomy":"product_cat","embeddable":true,"href":"https:\/\/oanhbeautyspa.com\/index.php\/wp-json\/wp\/v2\/product_cat?post=1080"},{"taxonomy":"product_tag","embeddable":true,"href":"https:\/\/oanhbeautyspa.com\/index.php\/wp-json\/wp\/v2\/product_tag?post=1080"}],"curies":[{"name":"wp","href":"https:\/\/api.w.org\/{rel}","templated":true}]}}