{"id":1065,"date":"2023-10-10T12:43:39","date_gmt":"2023-10-10T11:43:39","guid":{"rendered":"https:\/\/oanhbeautyspa.com\/?post_type=product&#038;p=1065"},"modified":"2023-10-10T16:41:00","modified_gmt":"2023-10-10T15:41:00","slug":"emulsion-originelle-regenerante-50ml","status":"publish","type":"product","link":"https:\/\/oanhbeautyspa.com\/index.php\/product\/emulsion-originelle-regenerante-50ml\/","title":{"rendered":"Emulsion Originelle Regenerante &#8211; 50ml"},"content":{"rendered":"<p>Emulsion Originelle R\u00e9g\u00e9n\u00e9rante<br \/>\nS\u1eefa t\u0103ng c\u01b0\u1eddng ph\u1ee5c h\u1ed3i m\u00e0ng hydrolipid<br \/>\n\u2022 D\u01af\u1ee0NG \u1ea8M \u2022PH\u1ee4C H\u1ed2I \u2022 B\u1ea2O V\u1ec6<br \/>\nEmuls Originelle R\u00e9g\u00e9n\u00e9rante l\u00e0 m\u1ed9t lo\u1ea1i kem gi\u00e0u d\u01b0\u1ee1ng ch\u1ea5t v\u00e0 d\u1ecbu nh\u1eb9 cho g\u01b0\u01a1ng m\u1eb7t. \u0110\u01b0\u1ee3c chi\u1ebft xu\u1ea5t t\u1eeb d\u1ea7u h\u1ea1t macadamia v\u00e0 squalane c\u00f3 ngu\u1ed3n g\u1ed1c t\u1eeb th\u1ef1c v\u1eadt, lo\u1ea1i kem m\u1eb7t n\u00e0y t\u00e1i t\u1ea1o h\u00e0ng r\u00e0o b\u1ea3o v\u1ec7 m\u00f4i t\u1ef1 nhi\u00ean c\u1ee7a da trong khi b\u1ea3o v\u1ec7 n\u00f3 kh\u1ecfi t\u00e1c h\u1ea1i c\u1ee7a m\u00f4i tr\u01b0\u1eddng. Khi s\u1eed d\u1ee5ng, s\u1ea3n ph\u1ea9m ngay l\u1eadp t\u1ee9c l\u00e0m cho l\u00e0n da tr\u00f4ng \u0111\u1ed3ng \u0111\u1ec1u h\u01a1n v\u00e0 n\u01b0\u1edbc da s\u00e1ng h\u01a1n.<br \/>\n\u0110\u01b0\u1ee3c khuy\u1ebfn ngh\u1ecb cho c\u00e1c lo\u1ea1i da b\u1ecb m\u1ea5t n\u01b0\u1edbc ho\u1eb7c nh\u1eefng ng\u01b0\u1eddi thi\u1ebfu lipid.<\/p>\n<p>H\u01af\u1edaNG D\u1eaaN S\u1eec D\u1ee4NG<br \/>\nThoa m\u1ed9t l\u01b0\u1ee3ng v\u1eeba \u0111\u1ee7 s\u1ea3n ph\u1ea9m v\u00e0o bu\u1ed5i s\u00e1ng v\u00e0 \/ ho\u1eb7c v\u00e0o bu\u1ed5i t\u1ed1i cho to\u00e0n b\u1ed9 g\u01b0\u01a1ng m\u1eb7t, c\u1ed5 v\u00e0 vai, sau khi s\u1eed d\u1ee5ng s\u1eefa tinh ch\u1ea5t<br \/>\nTH\u1eacN TR\u1eccNG KHI S\u1eec D\u1ee4NG<br \/>\nKh\u00f4ng s\u1eed d\u1ee5ng tr\u00ean da d\u1ec5 b\u1ecb b\u00e3 nh\u1eddn.<br \/>\nCh\u1ec9 s\u1eed d\u1ee5ng ngo\u00e0i da.<\/p>\n<p>\u0110\u1ecaNH D\u1ea0NG<br \/>\n50 ml<\/p>\n","protected":false},"excerpt":{"rendered":"<p>Emulsion Originelle R\u00e9g\u00e9n\u00e9rante S\u1eefa t\u0103ng c\u01b0\u1eddng ph\u1ee5c h\u1ed3i m\u00e0ng hydrolipid \u2022 D\u01af\u1ee0NG \u1ea8M \u2022PH\u1ee4C H\u1ed2I \u2022 B\u1ea2O V\u1ec6 Emuls Originelle R\u00e9g\u00e9n\u00e9rante l\u00e0 m\u1ed9t lo\u1ea1i kem gi\u00e0u d\u01b0\u1ee1ng ch\u1ea5t v\u00e0 d\u1ecbu nh\u1eb9 cho g\u01b0\u01a1ng m\u1eb7t. \u0110\u01b0\u1ee3c chi\u1ebft xu\u1ea5t t\u1eeb d\u1ea7u h\u1ea1t macadamia v\u00e0 squalane c\u00f3 ngu\u1ed3n g\u1ed1c t\u1eeb th\u1ef1c v\u1eadt, lo\u1ea1i kem m\u1eb7t n\u00e0y t\u00e1i t\u1ea1o &hellip;<\/p>\n<p class=\"read-more\"> <a class=\"\" href=\"https:\/\/oanhbeautyspa.com\/index.php\/product\/emulsion-originelle-regenerante-50ml\/\"> <span class=\"screen-reader-text\">Emulsion Originelle Regenerante &#8211; 50ml<\/span> Read More &raquo;<\/a><\/p>\n","protected":false},"featured_media":1224,"comment_status":"open","ping_status":"closed","template":"","meta":{"site-sidebar-layout":"default","site-content-layout":"default","ast-global-header-display":"","ast-banner-title-visibility":"","ast-main-header-display":"","ast-hfb-above-header-display":"","ast-hfb-below-header-display":"","ast-hfb-mobile-header-display":"","site-post-title":"","ast-breadcrumbs-content":"","ast-featured-img":"","footer-sml-layout":"","theme-transparent-header-meta":"default","adv-header-id-meta":"","stick-header-meta":"","header-above-stick-meta":"","header-main-stick-meta":"","header-below-stick-meta":""},"product_cat":[35,41],"product_tag":[],"_links":{"self":[{"href":"https:\/\/oanhbeautyspa.com\/index.php\/wp-json\/wp\/v2\/product\/1065"}],"collection":[{"href":"https:\/\/oanhbeautyspa.com\/index.php\/wp-json\/wp\/v2\/product"}],"about":[{"href":"https:\/\/oanhbeautyspa.com\/index.php\/wp-json\/wp\/v2\/types\/product"}],"replies":[{"embeddable":true,"href":"https:\/\/oanhbeautyspa.com\/index.php\/wp-json\/wp\/v2\/comments?post=1065"}],"wp:featuredmedia":[{"embeddable":true,"href":"https:\/\/oanhbeautyspa.com\/index.php\/wp-json\/wp\/v2\/media\/1224"}],"wp:attachment":[{"href":"https:\/\/oanhbeautyspa.com\/index.php\/wp-json\/wp\/v2\/media?parent=1065"}],"wp:term":[{"taxonomy":"product_cat","embeddable":true,"href":"https:\/\/oanhbeautyspa.com\/index.php\/wp-json\/wp\/v2\/product_cat?post=1065"},{"taxonomy":"product_tag","embeddable":true,"href":"https:\/\/oanhbeautyspa.com\/index.php\/wp-json\/wp\/v2\/product_tag?post=1065"}],"curies":[{"name":"wp","href":"https:\/\/api.w.org\/{rel}","templated":true}]}}