{"id":1064,"date":"2023-10-10T12:43:39","date_gmt":"2023-10-10T11:43:39","guid":{"rendered":"https:\/\/oanhbeautyspa.com\/?post_type=product&#038;p=1064"},"modified":"2023-10-31T21:53:03","modified_gmt":"2023-10-31T21:53:03","slug":"emulsion-gel-biosensible-s-r","status":"publish","type":"product","link":"https:\/\/oanhbeautyspa.com\/index.php\/product\/emulsion-gel-biosensible-s-r\/","title":{"rendered":"Emulsion Gel Biosensible S.R"},"content":{"rendered":"<p>Emulsion Gel Biosensible S.R.<br \/>\nGel \u0111\u0103c tr\u1ecb da d\u1ea7u nh\u1ea1y c\u1ea3m, \u0111i\u1ec1u ti\u1ebft nh\u1eddn<\/p>\n<p><strong>\u2022 L\u00c0M D\u1ecaU \u2022 D\u01af\u1ee0NG \u1ea8M \u2022 \u0110I\u1ec0U HO\u00c0, GI\u1ea2M TI\u1ebeT B\u00c3 NH\u1edcN<\/strong><br \/>\nEmulsion Gel Biosensible S.R. ngay l\u1eadp t\u1ee9c l\u00e0m d\u1ecbu s\u1ef1 kh\u00f3 ch\u1ecbu c\u1ee7a da \u0111\u1ed3ng th\u1eddi l\u00e0m m\u1ecbn k\u1ebft c\u1ea5u b\u1ec1 m\u1eb7t c\u1ee7a n\u00f3. Gel n\u00e0y ho\u1ea1t \u0111\u1ed9ng cho 2 t\u00e1c d\u1ee5ng, v\u1eeba l\u00e0m gi\u1ea3m \u0111\u1ed9 nh\u1ea1y c\u1ea3m c\u1ee7a da v\u00e0 gi\u1ea3m khuy\u1ebft \u0111i\u1ec3m tr\u00ean da. \u0110i\u1ec1u ch\u1ec9nh b\u00e0i ti\u1ebft nh\u1eddn ,l\u00e0m m\u1ec1m k\u1ebft c\u1ea5u da v\u00e0 ng\u0103n ng\u1eeba s\u1ef1 hinh th\u00e0nh m\u1ee5n c\u00e1m.<br \/>\n\u0110\u01b0\u1ee3c khuy\u1ebfn ngh\u1ecb cho c\u00e1c lo\u1ea1i da nh\u1ea1y c\u1ea3m c\u00f3 v\u1ea5n \u0111\u1ec1 v\u1ec1 m\u1ee5n<\/p>\n<p><strong>H\u01af\u1edaNG D\u1eaaN S\u1eec D\u1ee4NG<\/strong><br \/>\nThoa m\u1ed9t l\u01b0\u1ee3ng v\u1eeba \u0111\u1ee7 s\u1ea3n ph\u1ea9m v\u00e0o bu\u1ed5i s\u00e1ng v\u00e0\/ ho\u1eb7c v\u00e0o ban \u0111\u00eam cho to\u00e0n b\u1ed9 khu\u00f4n m\u1eb7t, c\u1ed5 v\u00e0 vai, sau khi s\u1eed d\u1ee5ng tinh ch\u1ea5t<\/p>\n<p><strong>TH\u1eacN TR\u1eccNG KHI S\u1eec D\u1ee4NG<\/strong><br \/>\nTr\u00e1nh ti\u1ebfp x\u00fac v\u1edbi m\u1eaft v\u00e0 c\u1ea9n th\u1eadn khi s\u1eed d\u1ee5ng cho khu v\u1ef1c xung quanh m\u1eaft.<br \/>\nCh\u1ec9 s\u1eed d\u1ee5ng ngo\u00e0i da.<\/p>\n<p><strong>\u0110\u1ecaNH D\u1ea0NG<\/strong><br \/>\n50 ml<\/p>\n","protected":false},"excerpt":{"rendered":"<p>Emulsion Gel Biosensible S.R. ngay l\u1eadp t\u1ee9c l\u00e0m d\u1ecbu s\u1ef1 kh\u00f3 ch\u1ecbu c\u1ee7a da \u0111\u1ed3ng th\u1eddi l\u00e0m m\u1ecbn k\u1ebft c\u1ea5u b\u1ec1 m\u1eb7t c\u1ee7a n\u00f3. Gel n\u00e0y ho\u1ea1t \u0111\u1ed9ng cho 2 t\u00e1c d\u1ee5ng, v\u1eeba l\u00e0m gi\u1ea3m \u0111\u1ed9 nh\u1ea1y c\u1ea3m c\u1ee7a da v\u00e0 gi\u1ea3m khuy\u1ebft \u0111i\u1ec3m tr\u00ean da. \u0110i\u1ec1u ch\u1ec9nh b\u00e0i ti\u1ebft nh\u1eddn ,l\u00e0m m\u1ec1m k\u1ebft c\u1ea5u da v\u00e0 ng\u0103n ng\u1eeba s\u1ef1 hinh th\u00e0nh m\u1ee5n c\u00e1m.<\/p>\n","protected":false},"featured_media":1223,"comment_status":"open","ping_status":"closed","template":"","meta":{"site-sidebar-layout":"default","site-content-layout":"default","ast-global-header-display":"","ast-banner-title-visibility":"","ast-main-header-display":"","ast-hfb-above-header-display":"","ast-hfb-below-header-display":"","ast-hfb-mobile-header-display":"","site-post-title":"","ast-breadcrumbs-content":"","ast-featured-img":"","footer-sml-layout":"","theme-transparent-header-meta":"default","adv-header-id-meta":"","stick-header-meta":"","header-above-stick-meta":"","header-main-stick-meta":"","header-below-stick-meta":""},"product_cat":[35,41],"product_tag":[],"_links":{"self":[{"href":"https:\/\/oanhbeautyspa.com\/index.php\/wp-json\/wp\/v2\/product\/1064"}],"collection":[{"href":"https:\/\/oanhbeautyspa.com\/index.php\/wp-json\/wp\/v2\/product"}],"about":[{"href":"https:\/\/oanhbeautyspa.com\/index.php\/wp-json\/wp\/v2\/types\/product"}],"replies":[{"embeddable":true,"href":"https:\/\/oanhbeautyspa.com\/index.php\/wp-json\/wp\/v2\/comments?post=1064"}],"wp:featuredmedia":[{"embeddable":true,"href":"https:\/\/oanhbeautyspa.com\/index.php\/wp-json\/wp\/v2\/media\/1223"}],"wp:attachment":[{"href":"https:\/\/oanhbeautyspa.com\/index.php\/wp-json\/wp\/v2\/media?parent=1064"}],"wp:term":[{"taxonomy":"product_cat","embeddable":true,"href":"https:\/\/oanhbeautyspa.com\/index.php\/wp-json\/wp\/v2\/product_cat?post=1064"},{"taxonomy":"product_tag","embeddable":true,"href":"https:\/\/oanhbeautyspa.com\/index.php\/wp-json\/wp\/v2\/product_tag?post=1064"}],"curies":[{"name":"wp","href":"https:\/\/api.w.org\/{rel}","templated":true}]}}