{"id":1052,"date":"2023-10-10T12:43:34","date_gmt":"2023-10-10T11:43:34","guid":{"rendered":"https:\/\/oanhbeautyspa.com\/?post_type=product&#038;p=1052"},"modified":"2023-10-10T13:24:52","modified_gmt":"2023-10-10T12:24:52","slug":"creme-msr-h-50ml","status":"publish","type":"product","link":"https:\/\/oanhbeautyspa.com\/index.php\/product\/creme-msr-h-50ml\/","title":{"rendered":"Creme Msr-H &#8211; 50ml"},"content":{"rendered":"<p>Cr\u00e8me MSR-H<br \/>\nKem \u0111\u1eb7c tr\u1ecb \u0111\u1ecbnh h\u00ecnh v\u00e0 s\u0103n ch\u1eafc da<\/p>\n<p>\u2022 D\u01af\u1ee0NG \u1ea8M \u2022 S\u0102N CH\u1eaeC DA \u2022 T\u00c1I T\u1ea0O<br \/>\nCr\u00e8me MSR-H c\u00f3 n\u1ed3ng \u0111\u1ed9 cao c\u00e1c ho\u1ea1t ch\u1ea5t nh\u1eafm v\u00e0o s\u1ef1 m\u1ea5t c\u00e2n b\u1eb1ng da do m\u00e3n kinh g\u00e2y ra. C\u00f4ng th\u1ee9c t\u00e1i t\u1ea1o bi\u1ec3u b\u00ec c\u1ee7a n\u00f3 c\u00f3 t\u00e1c d\u1ee5ng l\u00e0m cho da s\u0103n ch\u1eafc v\u00e0 \u0111\u00e0n h\u1ed3i h\u01a1n. N\u1ebfp nh\u0103n s\u1ebd \u0111\u01b0\u1ee3c l\u00e0m ph\u1eb3ng m\u1ecbn khi da l\u1ea5y l\u1ea1i s\u1ef1 \u0111\u1ea7y \u0111\u1eb7n. Cung c\u1ea5p d\u01b0\u1ee1ng \u1ea9m m\u1ea1nh m\u1ebd v\u00e0 l\u00e2u d\u00e0i, Cr\u00e8me MSR-H ch\u1ed1ng l\u1ea1i t\u00ecnh tr\u1ea1ng kh\u00f4 da.<br \/>\n\u0110\u01b0\u1ee3c khuy\u1ebfn ngh\u1ecb cho c\u00e1c s\u1ea3n ph\u1ea9m da tr\u01b0\u1edbc ho\u1eb7c sau m\u00e3n kinh.<\/p>\n<p>H\u01af\u1edaNG D\u1eaaN S\u1eec D\u1ee4NG<br \/>\nThoa m\u1ed9t l\u01b0\u1ee3ng v\u1eeba \u0111\u1ee7 s\u1ea3n ph\u1ea9m v\u00e0o bu\u1ed5i s\u00e1ng v\u00e0\/ ho\u1eb7c v\u00e0o ban \u0111\u00eam cho to\u00e0n b\u1ed9 khu\u00f4n m\u1eb7t, c\u1ed5 v\u00e0 vai, sau khi s\u1eed d\u1ee5ng tinh ch\u1ea5t.<\/p>\n<p>TH\u1eacN TR\u1eccNG KHI S\u1eec D\u1ee4NG<br \/>\nTr\u00e1nh v\u00f9ng quanh m\u1eaft.<br \/>\nKh\u00f4ng s\u1eed d\u1ee5ng cho tr\u1ebb em d\u01b0\u1edbi 3 tu\u1ed5i.<br \/>\nCh\u1ec9 s\u1eed d\u1ee5ng ngo\u00e0i da.<\/p>\n<p>\u0110\u1ecaNH D\u1ea0NG<br \/>\n50 ml<\/p>\n","protected":false},"excerpt":{"rendered":"<p>Cr\u00e8me MSR-H Kem \u0111\u1eb7c tr\u1ecb \u0111\u1ecbnh h\u00ecnh v\u00e0 s\u0103n ch\u1eafc da \u2022 D\u01af\u1ee0NG \u1ea8M \u2022 S\u0102N CH\u1eaeC DA \u2022 T\u00c1I T\u1ea0O Cr\u00e8me MSR-H c\u00f3 n\u1ed3ng \u0111\u1ed9 cao c\u00e1c ho\u1ea1t ch\u1ea5t nh\u1eafm v\u00e0o s\u1ef1 m\u1ea5t c\u00e2n b\u1eb1ng da do m\u00e3n kinh g\u00e2y ra. C\u00f4ng th\u1ee9c t\u00e1i t\u1ea1o bi\u1ec3u b\u00ec c\u1ee7a n\u00f3 c\u00f3 t\u00e1c d\u1ee5ng l\u00e0m cho &hellip;<\/p>\n<p class=\"read-more\"> <a class=\"\" href=\"https:\/\/oanhbeautyspa.com\/index.php\/product\/creme-msr-h-50ml\/\"> <span class=\"screen-reader-text\">Creme Msr-H &#8211; 50ml<\/span> Read More &raquo;<\/a><\/p>\n","protected":false},"featured_media":1210,"comment_status":"open","ping_status":"closed","template":"","meta":{"site-sidebar-layout":"default","site-content-layout":"default","ast-global-header-display":"","ast-banner-title-visibility":"","ast-main-header-display":"","ast-hfb-above-header-display":"","ast-hfb-below-header-display":"","ast-hfb-mobile-header-display":"","site-post-title":"","ast-breadcrumbs-content":"","ast-featured-img":"","footer-sml-layout":"","theme-transparent-header-meta":"default","adv-header-id-meta":"","stick-header-meta":"","header-above-stick-meta":"","header-main-stick-meta":"","header-below-stick-meta":""},"product_cat":[35,41],"product_tag":[],"_links":{"self":[{"href":"https:\/\/oanhbeautyspa.com\/index.php\/wp-json\/wp\/v2\/product\/1052"}],"collection":[{"href":"https:\/\/oanhbeautyspa.com\/index.php\/wp-json\/wp\/v2\/product"}],"about":[{"href":"https:\/\/oanhbeautyspa.com\/index.php\/wp-json\/wp\/v2\/types\/product"}],"replies":[{"embeddable":true,"href":"https:\/\/oanhbeautyspa.com\/index.php\/wp-json\/wp\/v2\/comments?post=1052"}],"wp:featuredmedia":[{"embeddable":true,"href":"https:\/\/oanhbeautyspa.com\/index.php\/wp-json\/wp\/v2\/media\/1210"}],"wp:attachment":[{"href":"https:\/\/oanhbeautyspa.com\/index.php\/wp-json\/wp\/v2\/media?parent=1052"}],"wp:term":[{"taxonomy":"product_cat","embeddable":true,"href":"https:\/\/oanhbeautyspa.com\/index.php\/wp-json\/wp\/v2\/product_cat?post=1052"},{"taxonomy":"product_tag","embeddable":true,"href":"https:\/\/oanhbeautyspa.com\/index.php\/wp-json\/wp\/v2\/product_tag?post=1052"}],"curies":[{"name":"wp","href":"https:\/\/api.w.org\/{rel}","templated":true}]}}