{"id":1051,"date":"2023-10-10T12:43:34","date_gmt":"2023-10-10T11:43:34","guid":{"rendered":"https:\/\/oanhbeautyspa.com\/?post_type=product&#038;p=1051"},"modified":"2023-10-10T13:23:51","modified_gmt":"2023-10-10T12:23:51","slug":"creme-masque-vernix-50ml","status":"publish","type":"product","link":"https:\/\/oanhbeautyspa.com\/index.php\/product\/creme-masque-vernix-50ml\/","title":{"rendered":"Creme Masque Vernix &#8211; 50ml"},"content":{"rendered":"<p>Cr\u00e8me Masque Vernix<br \/>\nKem t\u0103ng c\u01b0\u1eddng b\u1ea3o v\u1ec7, tr\u1ebb h\u00f3a, ph\u1ee5c h\u1ed3i s\u1ee9c s\u1ed1ng bi\u1ec3u b\u00ec<\/p>\n<p>\u2022 PH\u1ee4C H\u1ed2I, B\u1ea2O V\u1ec6\/PH\u00d2NG NG\u1eeaA \u2022 H\u1ed2I SINH \u2022 T\u00c1I T\u1ea0O<br \/>\nCr\u00e8me Masque Vernix gi\u00fap ph\u1ee5c h\u1ed3i l\u1edbp bi\u1ec3u b\u00ec \u0111\u1ec3 l\u00e0n da nh\u01b0 \u0111\u01b0\u1ee3c t\u00e1i sinh. L\u1ea5y c\u1ea3m h\u1ee9ng t\u1eeb h\u00e0ng r\u00e0o b\u1ea3o v\u1ec7 bi\u1ec3u b\u00ec c\u1ee7a tr\u1ebb s\u01a1 sinh, lo\u1ea1i kem n\u00e0y \u0111\u01b0\u1ee3c b\u00e0o ch\u1ebf v\u1edbi m\u1ed9t lo\u1ea1t c\u00e1c ho\u1ea1t ch\u1ea5t gi\u00e0u lipid, protein v\u00e0 peptide ch\u1ed1ng oxy h\u00f3a g\u1ea7n nh\u01b0 t\u00e1i t\u1ea1o th\u00e0nh ph\u1ea7n ban \u0111\u1ea7u c\u1ee7a vernix. S\u1ea3n ph\u1ea9m gi\u00fap ph\u1ee5c h\u1ed3i, t\u00e1i t\u1ea1o v\u00e0 b\u1ea3o v\u1ec7 da.<br \/>\n\u0110\u01b0\u1ee3c khuy\u1ebfn ngh\u1ecb cho c\u00e1c da b\u1ecb thi\u1ebfu \u0111\u1ed9 \u1ea9m ho\u1eb7c c\u0103ng th\u1eb3ng. Ph\u00f9 h\u1ee3p v\u1edbi l\u00e0n da suy y\u1ebfu, t\u1ed5n th\u01b0\u01a1ng, thi\u1ebfu h\u1ee5t d\u1ecbnh d\u01b0\u1ee1ng, t\u00e1i t\u1ea1o ph\u1ee5c h\u1ed3i l\u1ea1i l\u00e0n da th\u1ee9 2 c\u1ee7a ch\u00fang ta sau t\u1ed5n th\u01b0\u01a1ng do x\u00e2m l\u1ea5n.<\/p>\n<p>H\u01af\u1edaNG D\u1eaaN S\u1eec D\u1ee4NG<br \/>\nThoa m\u1ed9t l\u01b0\u1ee3ng nh\u1ecf s\u1ea3n ph\u1ea9m v\u00e0o bu\u1ed5i s\u00e1ng v\u00e0\/ ho\u1eb7c v\u00e0o ban \u0111\u00eam cho to\u00e0n b\u1ed9 khu\u00f4n m\u1eb7t, c\u1ed5 v\u00e0 vai, sau khi s\u1eed d\u1ee5ng tinh ch\u1ea5t.<\/p>\n<p>TH\u1eacN TR\u1eccNG KHI S\u1eec D\u1ee4NG<br \/>\nTr\u00e1nh ti\u1ebfp x\u00fac v\u1edbi m\u1eaft.<br \/>\nCh\u1ec9 s\u1eed d\u1ee5ng ngo\u00e0i da.<\/p>\n<p>\u0110\u1ecaNH D\u1ea0NG<br \/>\n50 ml<\/p>\n","protected":false},"excerpt":{"rendered":"<p>Cr\u00e8me Masque Vernix Kem t\u0103ng c\u01b0\u1eddng b\u1ea3o v\u1ec7, tr\u1ebb h\u00f3a, ph\u1ee5c h\u1ed3i s\u1ee9c s\u1ed1ng bi\u1ec3u b\u00ec \u2022 PH\u1ee4C H\u1ed2I, B\u1ea2O V\u1ec6\/PH\u00d2NG NG\u1eeaA \u2022 H\u1ed2I SINH \u2022 T\u00c1I T\u1ea0O Cr\u00e8me Masque Vernix gi\u00fap ph\u1ee5c h\u1ed3i l\u1edbp bi\u1ec3u b\u00ec \u0111\u1ec3 l\u00e0n da nh\u01b0 \u0111\u01b0\u1ee3c t\u00e1i sinh. L\u1ea5y c\u1ea3m h\u1ee9ng t\u1eeb h\u00e0ng r\u00e0o b\u1ea3o v\u1ec7 bi\u1ec3u b\u00ec c\u1ee7a &hellip;<\/p>\n<p class=\"read-more\"> <a class=\"\" href=\"https:\/\/oanhbeautyspa.com\/index.php\/product\/creme-masque-vernix-50ml\/\"> <span class=\"screen-reader-text\">Creme Masque Vernix &#8211; 50ml<\/span> Read More &raquo;<\/a><\/p>\n","protected":false},"featured_media":1209,"comment_status":"open","ping_status":"closed","template":"","meta":{"site-sidebar-layout":"default","site-content-layout":"default","ast-global-header-display":"","ast-banner-title-visibility":"","ast-main-header-display":"","ast-hfb-above-header-display":"","ast-hfb-below-header-display":"","ast-hfb-mobile-header-display":"","site-post-title":"","ast-breadcrumbs-content":"","ast-featured-img":"","footer-sml-layout":"","theme-transparent-header-meta":"default","adv-header-id-meta":"","stick-header-meta":"","header-above-stick-meta":"","header-main-stick-meta":"","header-below-stick-meta":""},"product_cat":[35,41],"product_tag":[],"_links":{"self":[{"href":"https:\/\/oanhbeautyspa.com\/index.php\/wp-json\/wp\/v2\/product\/1051"}],"collection":[{"href":"https:\/\/oanhbeautyspa.com\/index.php\/wp-json\/wp\/v2\/product"}],"about":[{"href":"https:\/\/oanhbeautyspa.com\/index.php\/wp-json\/wp\/v2\/types\/product"}],"replies":[{"embeddable":true,"href":"https:\/\/oanhbeautyspa.com\/index.php\/wp-json\/wp\/v2\/comments?post=1051"}],"wp:featuredmedia":[{"embeddable":true,"href":"https:\/\/oanhbeautyspa.com\/index.php\/wp-json\/wp\/v2\/media\/1209"}],"wp:attachment":[{"href":"https:\/\/oanhbeautyspa.com\/index.php\/wp-json\/wp\/v2\/media?parent=1051"}],"wp:term":[{"taxonomy":"product_cat","embeddable":true,"href":"https:\/\/oanhbeautyspa.com\/index.php\/wp-json\/wp\/v2\/product_cat?post=1051"},{"taxonomy":"product_tag","embeddable":true,"href":"https:\/\/oanhbeautyspa.com\/index.php\/wp-json\/wp\/v2\/product_tag?post=1051"}],"curies":[{"name":"wp","href":"https:\/\/api.w.org\/{rel}","templated":true}]}}