{"id":1041,"date":"2023-10-10T12:43:33","date_gmt":"2023-10-10T11:43:33","guid":{"rendered":"https:\/\/oanhbeautyspa.com\/?post_type=product&#038;p=1041"},"modified":"2023-10-31T22:31:37","modified_gmt":"2023-10-31T22:31:37","slug":"collagene-natif-8ml","status":"publish","type":"product","link":"https:\/\/oanhbeautyspa.com\/index.php\/product\/collagene-natif-8ml\/","title":{"rendered":"Collagene Natif  &#8211; 8ml"},"content":{"rendered":"<p>Collag\u00e8ne Natif<br \/>\nTinh ch\u1ea5t Collagen l\u00e0m c\u0103ng v\u00e0 s\u0103n ch\u1eafc t\u1ee9c th\u00ec<\/p>\n<p><strong>\u2022 D\u01af\u1ee0NG \u1ea8M \u2022 S\u0102N CH\u1eaeC \u2022 L\u00c0M C\u0102NG T\u1ee8C TH\u00cc, SE KH\u00cdT L\u1ed6 CH\u00c2N L\u00d4NG.<\/strong><br \/>\nCollag\u00e8ne Natif serum l\u00e0 m\u1ed9t li\u1ec7u ph\u00e1p ch\u0103m s\u00f3c da t\u00edch c\u1ef1c gi\u00fap l\u00e0m s\u0103n ch\u1eafc da th\u00f4ng qua t\u00e1c d\u1ee5ng l\u00e0m c\u0103ng m\u1ecbn da. V\u1edbi n\u1ed3ng \u0111\u1ed9 cao c\u1ee7a c\u00e1c th\u00e0nh ph\u1ea7n ho\u1ea1t ch\u1ea5t t\u1eeb \u0111\u1ea1i d\u01b0\u01a1ng, s\u1ea3n ph\u1ea9m gi\u00fap l\u00e0m s\u0103n ch\u1eafc v\u00e0 gi\u1eef \u1ea9m cho da b\u1eb1ng c\u00e1ch kh\u00f3a n\u01b0\u1edbc v\u00e0o c\u00e1c l\u1edbp ngo\u00e0i c\u1ee7a l\u1edbp bi\u1ec3u b\u00ec \u0111\u1ec3 da l\u1ea5y l\u1ea1i s\u1ef1 m\u1ec1m m\u1ea1i v\u00e0 r\u1ea1ng r\u1ee1.<br \/>\n\u0110\u01b0\u1ee3c khuy\u1ebfn ngh\u1ecb cho l\u00e0n da b\u1ecb m\u1ea5t n\u01b0\u1edbc, x\u1ec9n m\u00e0u.<\/p>\n<p><strong>H\u01af\u1edaNG D\u1eaaN S\u1eec D\u1ee4NG<\/strong><br \/>\nM\u1ed7i s\u00e1ng v\u00e0 t\u1ed1i Thoa 10 gi\u1ecdt l\u00ean v\u00f9ng m\u1eb7t, c\u1ed5 v\u00e0 vai b\u1eb1ng c\u00e1ch vu\u1ed1t nh\u1eb9 l\u00ean tr\u00ean cho \u0111\u1ebfn khi s\u1ea3n ph\u1ea9m \u0111\u01b0\u1ee3c h\u1ea5p th\u1ee5 ho\u00e0n to\u00e0n.<\/p>\n<p><strong>TH\u1eacN TR\u1eccNG KHI S\u1eec D\u1ee4NG<\/strong><br \/>\nCh\u1ec9 s\u1eed d\u1ee5ng ngo\u00e0i da.<br \/>\nTr\u00e1nh ti\u1ebfp x\u00fac v\u1edbi m\u1eaft.<\/p>\n<p><strong>\u0110\u1ecaNH D\u1ea0NG<\/strong><br \/>\n8ml, 30ml<\/p>\n","protected":false},"excerpt":{"rendered":"<p>Collag\u00e8ne Natif serum l\u00e0 m\u1ed9t li\u1ec7u ph\u00e1p ch\u0103m s\u00f3c da t\u00edch c\u1ef1c gi\u00fap l\u00e0m s\u0103n ch\u1eafc da th\u00f4ng qua t\u00e1c d\u1ee5ng l\u00e0m c\u0103ng m\u1ecbn da. V\u1edbi n\u1ed3ng \u0111\u1ed9 cao c\u1ee7a c\u00e1c th\u00e0nh ph\u1ea7n ho\u1ea1t ch\u1ea5t t\u1eeb \u0111\u1ea1i d\u01b0\u01a1ng, s\u1ea3n ph\u1ea9m gi\u00fap l\u00e0m s\u0103n ch\u1eafc v\u00e0 gi\u1eef \u1ea9m cho da b\u1eb1ng c\u00e1ch kh\u00f3a n\u01b0\u1edbc v\u00e0o c\u00e1c l\u1edbp ngo\u00e0i c\u1ee7a l\u1edbp bi\u1ec3u b\u00ec \u0111\u1ec3 da l\u1ea5y l\u1ea1i s\u1ef1 m\u1ec1m m\u1ea1i v\u00e0 r\u1ea1ng r\u1ee1.<\/p>\n","protected":false},"featured_media":1197,"comment_status":"open","ping_status":"closed","template":"","meta":{"site-sidebar-layout":"default","site-content-layout":"default","ast-global-header-display":"","ast-banner-title-visibility":"","ast-main-header-display":"","ast-hfb-above-header-display":"","ast-hfb-below-header-display":"","ast-hfb-mobile-header-display":"","site-post-title":"","ast-breadcrumbs-content":"","ast-featured-img":"","footer-sml-layout":"","theme-transparent-header-meta":"default","adv-header-id-meta":"","stick-header-meta":"","header-above-stick-meta":"","header-main-stick-meta":"","header-below-stick-meta":""},"product_cat":[35,38],"product_tag":[],"_links":{"self":[{"href":"https:\/\/oanhbeautyspa.com\/index.php\/wp-json\/wp\/v2\/product\/1041"}],"collection":[{"href":"https:\/\/oanhbeautyspa.com\/index.php\/wp-json\/wp\/v2\/product"}],"about":[{"href":"https:\/\/oanhbeautyspa.com\/index.php\/wp-json\/wp\/v2\/types\/product"}],"replies":[{"embeddable":true,"href":"https:\/\/oanhbeautyspa.com\/index.php\/wp-json\/wp\/v2\/comments?post=1041"}],"wp:featuredmedia":[{"embeddable":true,"href":"https:\/\/oanhbeautyspa.com\/index.php\/wp-json\/wp\/v2\/media\/1197"}],"wp:attachment":[{"href":"https:\/\/oanhbeautyspa.com\/index.php\/wp-json\/wp\/v2\/media?parent=1041"}],"wp:term":[{"taxonomy":"product_cat","embeddable":true,"href":"https:\/\/oanhbeautyspa.com\/index.php\/wp-json\/wp\/v2\/product_cat?post=1041"},{"taxonomy":"product_tag","embeddable":true,"href":"https:\/\/oanhbeautyspa.com\/index.php\/wp-json\/wp\/v2\/product_tag?post=1041"}],"curies":[{"name":"wp","href":"https:\/\/api.w.org\/{rel}","templated":true}]}}