{"id":1038,"date":"2023-10-10T12:43:33","date_gmt":"2023-10-10T11:43:33","guid":{"rendered":"https:\/\/oanhbeautyspa.com\/?post_type=product&#038;p=1038"},"modified":"2023-10-31T22:30:35","modified_gmt":"2023-10-31T22:30:35","slug":"serum-biosensible-30ml","status":"publish","type":"product","link":"https:\/\/oanhbeautyspa.com\/index.php\/product\/serum-biosensible-30ml\/","title":{"rendered":"Serum Biosensible &#8211; 30ml"},"content":{"rendered":"<p>S\u00e9rum Biosensible<br \/>\nSerum l\u00e0m d\u1ecbu, ph\u1ee5c h\u1ed3i da<\/p>\n<p><strong>&#8211; L\u00c0M D\u1ecaU &#8211; D\u01af\u1ee0NG \u1ea8M &#8211; PH\u1ee4C H\u1ed2I DA<\/strong><br \/>\nS\u00e9rum Biosensible \u0111\u01b0\u1ee3c c\u00f4ng th\u1ee9c v\u1edbi 11 th\u00e0nh ph\u1ea7n ho\u1ea1t t\u00ednh nh\u1eb1m mang l\u1ea1i hi\u1ec7u qu\u1ea3 l\u00e0m d\u1ecbu cho da, gi\u1ea3m t\u00ecnh tr\u1ea1ng da nh\u1ea1y c\u1ea3m l\u00e0m d\u1ecbu v\u00e0 c\u0103ng b\u1eb1ng l\u1edbp bi\u1ec3u b\u00ec, t\u0103ng c\u01b0\u1eddng t\u00e1i c\u1ea5u tr\u00fac l\u1edbp bi\u1ec3u b\u00ec V\u1edbi vi\u1ec7c s\u1eed d\u1ee5ng h\u00e0ng ng\u00e0y c\u1ee7a serum n\u00e0y s\u1ef1 nh\u1ea1y c\u1ea3m s\u1ebd gi\u1ea3m \u0111\u00e1ng k\u1ec3 v\u00e0 da tr\u1edf n\u00ean d\u1ecbu nh\u1eb9 v\u00e0 m\u1ec1m m\u1ea1i.Mang l\u1ea1i c\u1ea3m gi\u00e1c th\u01b0 gi\u00e3n cho da.<br \/>\n\u0110\u01b0\u1ee3c khuy\u1ebfn ngh\u1ecb cho l\u00e0n da nh\u1ea1y c\u1ea3m.<\/p>\n<p><strong>H\u01af\u1edaNG D\u1eaaN S\u1eec D\u1ee4NG<\/strong><br \/>\n1. M\u1ed7i s\u00e1ng v\u00e0 t\u1ed1i l\u1ea5y 4-5 gi\u1ecdt tinh ch\u1ea5t thoa nh\u1eb9 nh\u00e0ng m\u00e1t-xa theo chuy\u1ec3n \u0111\u1ed9ng h\u01b0\u1edbng l\u00ean tr\u00ean to\u00e0n b\u1ed9 khu\u00f4n m\u1eb7t, c\u1ed5 v\u00e0 v\u00f9ng c\u1ed5 tr\u01b0\u1edbc ng\u1ef1c. Sau \u0111\u00f3 ti\u1ebfp t\u1ee5c c\u00e1c b\u01b0\u1edbc ch\u0103m s\u00f3c ti\u1ebfp theo.<br \/>\n2. Tr\u1ecb li\u1ec7u t\u0103ng c\u01b0\u1eddng: Hai l\u1ea7n m\u1ed7i ng\u00e0y, v\u00e0o bu\u1ed5i s\u00e1ng v\u00e0 t\u1ed1i trong v\u00f2ng 28 ng\u00e0y.<br \/>\n3. Duy tr\u00ec : 2 \u0111\u1ebfn 3 l\u1ea7n m\u1ed7i tu\u1ea7n, v\u00e0o bu\u1ed5i s\u00e1ng v\u00e0 bu\u1ed5i t\u1ed1i, t\u00f9y thu\u1ed9c v\u00e0o qu\u00e1 tr\u00ecnh gi\u1ea3m nh\u1ea1y c\u1ea3m c\u1ee7a da.<br \/>\nL\u01b0u \u00fd: ch\u1ec9 s\u1eed d\u1ee5ng ngo\u00e0i da.<\/p>\n<p><strong>\u0110\u1ecaNH D\u1ea0NG<\/strong><br \/>\n8ml, 30ml<\/p>\n","protected":false},"excerpt":{"rendered":"<p>S\u00e9rum Biosensible \u0111\u01b0\u1ee3c c\u00f4ng th\u1ee9c v\u1edbi 11 th\u00e0nh ph\u1ea7n ho\u1ea1t t\u00ednh nh\u1eb1m mang l\u1ea1i hi\u1ec7u qu\u1ea3 l\u00e0m d\u1ecbu cho da, gi\u1ea3m t\u00ecnh tr\u1ea1ng da nh\u1ea1y c\u1ea3m l\u00e0m d\u1ecbu v\u00e0 c\u0103ng b\u1eb1ng l\u1edbp bi\u1ec3u b\u00ec, t\u0103ng c\u01b0\u1eddng t\u00e1i c\u1ea5u tr\u00fac l\u1edbp bi\u1ec3u b\u00ec V\u1edbi vi\u1ec7c s\u1eed d\u1ee5ng h\u00e0ng ng\u00e0y c\u1ee7a serum n\u00e0y s\u1ef1 nh\u1ea1y c\u1ea3m s\u1ebd gi\u1ea3m \u0111\u00e1ng k\u1ec3 v\u00e0 da tr\u1edf n\u00ean d\u1ecbu nh\u1eb9 v\u00e0 m\u1ec1m m\u1ea1i.Mang l\u1ea1i c\u1ea3m gi\u00e1c th\u01b0 gi\u00e3n cho da.<\/p>\n","protected":false},"featured_media":1194,"comment_status":"open","ping_status":"closed","template":"","meta":{"site-sidebar-layout":"default","site-content-layout":"default","ast-global-header-display":"","ast-banner-title-visibility":"","ast-main-header-display":"","ast-hfb-above-header-display":"","ast-hfb-below-header-display":"","ast-hfb-mobile-header-display":"","site-post-title":"","ast-breadcrumbs-content":"","ast-featured-img":"","footer-sml-layout":"","theme-transparent-header-meta":"default","adv-header-id-meta":"","stick-header-meta":"","header-above-stick-meta":"","header-main-stick-meta":"","header-below-stick-meta":""},"product_cat":[35,38],"product_tag":[],"_links":{"self":[{"href":"https:\/\/oanhbeautyspa.com\/index.php\/wp-json\/wp\/v2\/product\/1038"}],"collection":[{"href":"https:\/\/oanhbeautyspa.com\/index.php\/wp-json\/wp\/v2\/product"}],"about":[{"href":"https:\/\/oanhbeautyspa.com\/index.php\/wp-json\/wp\/v2\/types\/product"}],"replies":[{"embeddable":true,"href":"https:\/\/oanhbeautyspa.com\/index.php\/wp-json\/wp\/v2\/comments?post=1038"}],"wp:featuredmedia":[{"embeddable":true,"href":"https:\/\/oanhbeautyspa.com\/index.php\/wp-json\/wp\/v2\/media\/1194"}],"wp:attachment":[{"href":"https:\/\/oanhbeautyspa.com\/index.php\/wp-json\/wp\/v2\/media?parent=1038"}],"wp:term":[{"taxonomy":"product_cat","embeddable":true,"href":"https:\/\/oanhbeautyspa.com\/index.php\/wp-json\/wp\/v2\/product_cat?post=1038"},{"taxonomy":"product_tag","embeddable":true,"href":"https:\/\/oanhbeautyspa.com\/index.php\/wp-json\/wp\/v2\/product_tag?post=1038"}],"curies":[{"name":"wp","href":"https:\/\/api.w.org\/{rel}","templated":true}]}}